{"id":7509,"date":"2024-02-16T13:17:56","date_gmt":"2024-02-16T12:17:56","guid":{"rendered":"https:\/\/www.elektrofix.nl\/installation-de-la-camera-arriere\/"},"modified":"2024-02-16T13:17:56","modified_gmt":"2024-02-16T12:17:56","slug":"installation-de-la-camera-arriere","status":"publish","type":"page","link":"https:\/\/www.elektrofix.nl\/fr\/installation-de-la-camera-arriere\/","title":{"rendered":"Installation de la cam\u00e9ra arri\u00e8re"},"content":{"rendered":"<p>[vc_row full_width=\u00a0\u00bbstretch_row\u00a0\u00bb css=\u00a0\u00bb.vc_custom_1612202182063{padding-top: 30px !important;padding-bottom: 15px !important;}\u00a0\u00bb][vc_column][vc_column_text]<\/p>\n<h5>Elektrofix est votre partenaire de A \u00e0 Z<\/h5>\n<h2>Cam\u00e9ra de recul cass\u00e9e ? Aller \u00e0 Elektrofix !<\/h2>\n<p>[\/vc_column_text][\/vc_column][vc_column css=\u00a0\u00bb.vc_custom_1612180223540{padding-top: 0px !important;padding-bottom: 0px !important;}\u00a0\u00bb][vc_row_inner equal_height=\u00a0\u00bbyes\u00a0\u00bb content_placement=\u00a0\u00bbmiddle\u00a0\u00bb css=\u00a0\u00bb.vc_custom_1612260120748{padding-top: 0px !important;padding-bottom: 0px !important;}\u00a0\u00bb][vc_column_inner width=\u00a0\u00bb1\/2&Prime; css=\u00a0\u00bb.vc_custom_1612180239327{padding-top: 0px !important;padding-bottom: 0px !important;}\u00a0\u00bb][vc_column_text]<img decoding=\"async\" class=\"alignnone size-full wp-image-247 lazyload\" data-src=\"\/wp-content\/uploads\/index-foto-2.jpg\" alt=\"installation de la cam\u00e9ra arri\u00e8re\" width=\"100%\" height=\"auto\" data-srcset=\"https:\/\/www.elektrofix.nl\/wp-content\/uploads\/index-foto-2.jpg 500w, https:\/\/www.elektrofix.nl\/wp-content\/uploads\/index-foto-2-300x286.jpg 300w\" data-sizes=\"(max-width: 500px) 100vw, 500px\" src=\"data:image\/svg+xml;base64,PHN2ZyB3aWR0aD0iMSIgaGVpZ2h0PSIxIiB4bWxucz0iaHR0cDovL3d3dy53My5vcmcvMjAwMC9zdmciPjwvc3ZnPg==\" style=\"--smush-placeholder-width: 500px; --smush-placeholder-aspect-ratio: 500\/476;\" \/>[\/vc_column_text][\/vc_column_inner][vc_column_inner width=\u00a0\u00bb1\/2&Prime; css=\u00a0\u00bb.vc_custom_1612180248955{padding-top: 0px !important;padding-bottom: 0px !important;}\u00a0\u00bb][vc_column_text]Garer une voiture n&rsquo;est pas le passe-temps favori de beaucoup de gens. Un petit accident avec des d\u00e9g\u00e2ts est vite arriv\u00e9. Cela s&rsquo;explique principalement par le fait que vous n&rsquo;avez pas toujours une bonne visibilit\u00e9 autour ou derri\u00e8re la voiture. L&rsquo;installation d&rsquo;une cam\u00e9ra de recul offre alors une solution. Avec une cam\u00e9ra de recul, vous avez beaucoup plus de contr\u00f4le sur ce qui se passe autour de la voiture.<\/p>\n<p>Apr\u00e8s l&rsquo;installation de la cam\u00e9ra de recul, il devient beaucoup plus facile de garer la voiture ou d&rsquo;atteler une remorque. Pour l&rsquo;installation d&rsquo;une cam\u00e9ra de recul, adressez-vous donc \u00e0 Elektrofix, le sp\u00e9cialiste de l&rsquo;\u00e9lectronique automobile ![\/vc_column_text][vc_btn title=\u00a0\u00bbDemande de devis\u00a0\u00bb style=\u00a0\u00bbcustom\u00a0\u00bb custom_text=\u00a0\u00bb#666666&Prime; el_class=\u00a0\u00bbblue-btn\u00a0\u00bb link=\u00a0\u00bburl:%23offerte|||\u00a0\u00bb][\/vc_column_inner][\/vc_row_inner][\/vc_column][\/vc_row][vc_row full_width=\u00a0\u00bbstretch_row\u00a0\u00bb css=\u00a0\u00bb.vc_custom_1612202018327{padding-top: 50px !important;padding-bottom: 15px !important;}\u00a0\u00bb][vc_column css=\u00a0\u00bb.vc_custom_1612180223540{padding-top: 0px !important;padding-bottom: 0px !important;}\u00a0\u00bb][vc_column_text]<\/p>\n<h2>Montage de la cam\u00e9ra de vision arri\u00e8re sur le moniteur existant<\/h2>\n<p>Si votre voiture est d\u00e9j\u00e0 \u00e9quip\u00e9e d&rsquo;un moniteur ou d&rsquo;un syst\u00e8me de navigation, nous pouvons dans de nombreux cas installer une cam\u00e9ra de recul. Nous fournissons une interface sp\u00e9ciale \u00e0 laquelle une cam\u00e9ra peut \u00eatre connect\u00e9e. De cette mani\u00e8re, vous n&rsquo;avez pas besoin d&rsquo;installer un \u00e9cran s\u00e9par\u00e9 et tout se pr\u00e9sente comme \u00e0 l&rsquo;origine.<br \/>\n[\/vc_column_text][\/vc_column][\/vc_row][vc_row full_width=\u00a0\u00bbstretch_row\u00a0\u00bb css=\u00a0\u00bb.vc_custom_1612202018327{padding-top: 50px !important;padding-bottom: 15px !important;}\u00a0\u00bb][vc_column css=\u00a0\u00bb.vc_custom_1612180223540{padding-top: 0px !important;padding-bottom: 0px !important;}\u00a0\u00bb][vc_column_text]<\/p>\n<h5>La r\u00e9paration chez Elektrofix est moins ch\u00e8re<\/h5>\n<h2>Cam\u00e9ra de recul en panne ? La r\u00e9paration est moins co\u00fbteuse que l&rsquo;achat d&rsquo;un nouvel appareil<\/h2>\n<p>Votre cam\u00e9ra de recul est-elle d\u00e9fectueuse ? Dans de nombreux cas, la r\u00e9paration d&rsquo;une cam\u00e9ra de recul est alors une solution \u00e9conomique. En faisant r\u00e9parer votre appareil photo par nos soins, vous \u00e9conomiserez beaucoup d&rsquo;argent. Souvent, l&rsquo;achat d&rsquo;une pi\u00e8ce d\u00e9fectueuse aupr\u00e8s d&rsquo;un revendeur est tr\u00e8s co\u00fbteux. En outre, les concessionnaires facturent souvent des tarifs horaires \u00e9lev\u00e9s pour l&rsquo;installation et le montage des pi\u00e8ces de la cam\u00e9ra de recul. Votre cam\u00e9ra de recul ne fonctionne plus ? Allez ensuite chez Elektrofix. La r\u00e9paration de la cam\u00e9ra de recul vous co\u00fbtera bient\u00f4t beaucoup moins cher.<br \/>\n[\/vc_column_text][\/vc_column][\/vc_row][vc_row full_width=\u00a0\u00bbstretch_row\u00a0\u00bb css=\u00a0\u00bb.vc_custom_1612199972923{margin-top: 50px !important;margin-bottom: 50px !important;padding-top: 0px !important;padding-bottom: 0px !important;background-image: url(https:\/\/www.elektrofix.nl\/wp-content\/uploads\/pexels-ingo-joseph-13781-1.png?id=250) !important;background-position: center !important;background-repeat: no-repeat !important;background-size: cover !important;}\u00a0\u00bb el_class=\u00a0\u00bbcta-box\u00a0\u00bb][vc_column css=\u00a0\u00bb.vc_custom_1612180223540{padding-top: 0px !important;padding-bottom: 0px !important;}\u00a0\u00bb][vc_row_inner equal_height=\u00a0\u00bbyes\u00a0\u00bb content_placement=\u00a0\u00bbmiddle\u00a0\u00bb css=\u00a0\u00bb.vc_custom_1612260422676{padding-top: 0px !important;padding-bottom: 0px !important;}\u00a0\u00bb][vc_column_inner el_class=\u00a0\u00bbcta-gradient-box\u00a0\u00bb width=\u00a0\u00bb1\/2&Prime; css=\u00a0\u00bb.vc_custom_1612200066371{padding-top: 65px !important;padding-bottom: 35px !important;}\u00a0\u00bb][vc_column_text]<\/p>\n<h2>Curieux de savoir<br \/>\nles possibilit\u00e9s ?<\/h2>\n<p>Elektrofix est un sp\u00e9cialiste des r\u00e9parations \u00e9lectroniques automobiles et du codage de logiciels. Contactez-nous d\u00e8s aujourd&rsquo;hui pour un rendez-vous ![\/vc_column_text][vc_btn title=\u00a0\u00bbDemande de devis\u00a0\u00bb style=\u00a0\u00bbcustom\u00a0\u00bb custom_text=\u00a0\u00bb#666666&Prime; el_class=\u00a0\u00bbwhite-btn\u00a0\u00bb link=\u00a0\u00bburl:%23offerte|||\u00a0\u00bb][\/vc_column_inner][vc_column_inner width=\u00a0\u00bb1\/2&Prime; css=\u00a0\u00bb.vc_custom_1612180248955{padding-top: 0px !important;padding-bottom: 0px !important;}\u00a0\u00bb][\/vc_column_inner][\/vc_row_inner][\/vc_column][\/vc_row][vc_row full_width=\u00a0\u00bbstretch_row\u00a0\u00bb css=\u00a0\u00bb.vc_custom_1612199714486{padding-top: 50px !important;padding-bottom: 15px !important;}\u00a0\u00bb][vc_column][vc_column_text]<\/p>\n<h2>Pourquoi installer ou r\u00e9parer une cam\u00e9ra de recul chez Elektrofix ?<\/h2>\n<p>[\/vc_column_text][vc_row_inner][vc_column_inner width=\u00a0\u00bb1\/2&Prime;][vc_column_text]Votre cam\u00e9ra de recul est-elle d\u00e9fectueuse ? Dans ce cas, l&rsquo;achat d&rsquo;un nouvel appareil photo n&rsquo;est pas imm\u00e9diatement la solution la plus \u00e9conomique. Apr\u00e8s une r\u00e9paration chez Elektrofix, votre cl\u00e9 fonctionne g\u00e9n\u00e9ralement comme avant.<\/p>\n<p>Il y a plusieurs bonnes raisons de nous choisir pour l&rsquo;installation ou la r\u00e9paration d&rsquo;une cam\u00e9ra de recul :<\/p>\n<ul>\n<li>Plus de 20 ans d&rsquo;exp\u00e9rience<\/li>\n<li>R\u00e9paration rapide (dans les 2 jours)<\/li>\n<li>1 an de garantie apr\u00e8s r\u00e9paration<\/li>\n<li>Montage \/ extension, y compris<\/li>\n<li>Sp\u00e9cialiste BMW<\/li>\n<\/ul>\n<p>[\/vc_column_text][vc_btn title=\u00a0\u00bbDemande de devis\u00a0\u00bb style=\u00a0\u00bbcustom\u00a0\u00bb custom_text=\u00a0\u00bb#666666&Prime; el_class=\u00a0\u00bbblue-btn\u00a0\u00bb link=\u00a0\u00bburl:%23offerte|||\u00a0\u00bb][\/vc_column_inner][vc_column_inner width=\u00a0\u00bb1\/2&Prime;][vc_column_text]<img decoding=\"async\" class=\"alignnone size-full wp-image-493 lazyload\" data-src=\"\/wp-content\/uploads\/image-8.jpeg\" alt=\"r\u00e9paration de la cam\u00e9ra de recul\" width=\"100%\" height=\"auto\" data-srcset=\"https:\/\/www.elektrofix.nl\/wp-content\/uploads\/image-8.jpeg 500w, https:\/\/www.elektrofix.nl\/wp-content\/uploads\/image-8-300x227.jpeg 300w\" data-sizes=\"(max-width: 500px) 100vw, 500px\" src=\"data:image\/svg+xml;base64,PHN2ZyB3aWR0aD0iMSIgaGVpZ2h0PSIxIiB4bWxucz0iaHR0cDovL3d3dy53My5vcmcvMjAwMC9zdmciPjwvc3ZnPg==\" style=\"--smush-placeholder-width: 500px; --smush-placeholder-aspect-ratio: 500\/379;\" \/>[\/vc_column_text][\/vc_column_inner][\/vc_row_inner][\/vc_column][\/vc_row][vc_row full_width=\u00a0\u00bbstretch_row\u00a0\u00bb css=\u00a0\u00bb.vc_custom_1612202018327{padding-top: 50px !important;padding-bottom: 15px !important;}\u00a0\u00bb][vc_column css=\u00a0\u00bb.vc_custom_1612180223540{padding-top: 0px !important;padding-bottom: 0px !important;}\u00a0\u00bb][vc_column_text]<\/p>\n<h5>M\u00e9canicien polyvalent en \u00e9lectronique automobile<\/h5>\n<h2>Autres r\u00e9parations \u00e9lectroniques de voitures<\/h2>\n<p>Chez Elektrofix, vous pouvez aller au-del\u00e0 de l&rsquo;installation et de la r\u00e9paration de cam\u00e9ras de recul. Nous r\u00e9parons presque tout dans le domaine de l&rsquo;\u00e9lectronique automobile, y compris :<br \/>\n[\/vc_column_text][vc_row_inner css=\u00a0\u00bb.vc_custom_1612260131186{padding-top: 0px !important;padding-bottom: 0px !important;}\u00a0\u00bb][vc_column_inner width=\u00a0\u00bb1\/2&Prime; css=\u00a0\u00bb.vc_custom_1612180239327{padding-top: 0px !important;padding-bottom: 0px !important;}\u00a0\u00bb][vc_column_text]<\/p>\n<ul>\n<li>R\u00e9paration de l&rsquo;alarme de la voiture<\/li>\n<li>Erreurs de lecture des DVD\/CD<\/li>\n<li>R\u00e9paration du tableau de bord<\/li>\n<li>R\u00e9paration de cl\u00e9s de voiture<\/li>\n<\/ul>\n<p>[\/vc_column_text][\/vc_column_inner][vc_column_inner width=\u00a0\u00bb1\/2&Prime;][vc_column_text]<\/p>\n<ul>\n<li>Installation\/r\u00e9paration\/montage de cam\u00e9ras de recul<\/li>\n<li>R\u00e9paration du compteur de tours\/kilom\u00e9trage<\/li>\n<li>Toutes les marques d&rsquo;autoradios<\/li>\n<li>Installation\/r\u00e9paration\/montage de kits automobiles<\/li>\n<\/ul>\n<p>[\/vc_column_text][\/vc_column_inner][\/vc_row_inner][vc_column_text]La pi\u00e8ce de votre voiture avec laquelle vous avez des probl\u00e8mes \u00e9lectroniques n&rsquo;est pas mentionn\u00e9e ci-dessus ? Si c&rsquo;est le cas, contactez-nous. Il y a de fortes chances que nous puissions encore le r\u00e9parer pour vous.<br \/>\n[\/vc_column_text][\/vc_column][\/vc_row][vc_row][vc_column][vc_column_text]<\/p>\n<h2>Contacter Elektrofix<\/h2>\n<p>Venez chez Elektrofix pour l&rsquo;installation d&rsquo;une cam\u00e9ra de recul. Votre appareil photo est cass\u00e9 et a besoin d&rsquo;\u00eatre r\u00e9par\u00e9 ? Nous pouvons \u00e9galement vous aider dans ce domaine. Prenez rendez-vous \u00e0 l&rsquo;avance en appelant le <a href=\"tel:0625387023\">06 25 38 70<\/a> 23, par e-mail <a href=\"mailto:info@elektrofix.nl\">info@elektrofix.nl<\/a> ou en laissant un message via le formulaire de contact pr\u00e9sent sur le site.<br \/>\n[\/vc_column_text][\/vc_column][\/vc_row]<\/p>\n","protected":false},"excerpt":{"rendered":"<p>[vc_row full_width=\u00a0\u00bbstretch_row\u00a0\u00bb css=\u00a0\u00bb.vc_custom_1612202182063{padding-top: 30px !important;padding-bottom: 15px !important;}\u00a0\u00bb][vc_column][vc_column_text] Elektrofix est votre partenaire de A \u00e0 Z Cam\u00e9ra de recul cass\u00e9e ? Aller \u00e0 Elektrofix ! [\/vc_column_text][\/vc_column][vc_column<a class=\"moretag\" href=\"https:\/\/www.elektrofix.nl\/fr\/installation-de-la-camera-arriere\/\">&#8230;<\/a><\/p>\n","protected":false},"author":1,"featured_media":0,"parent":0,"menu_order":0,"comment_status":"closed","ping_status":"closed","template":"","meta":{"footnotes":""},"class_list":["post-7509","page","type-page","status-publish","hentry"],"_links":{"self":[{"href":"https:\/\/www.elektrofix.nl\/fr\/wp-json\/wp\/v2\/pages\/7509","targetHints":{"allow":["GET"]}}],"collection":[{"href":"https:\/\/www.elektrofix.nl\/fr\/wp-json\/wp\/v2\/pages"}],"about":[{"href":"https:\/\/www.elektrofix.nl\/fr\/wp-json\/wp\/v2\/types\/page"}],"author":[{"embeddable":true,"href":"https:\/\/www.elektrofix.nl\/fr\/wp-json\/wp\/v2\/users\/1"}],"replies":[{"embeddable":true,"href":"https:\/\/www.elektrofix.nl\/fr\/wp-json\/wp\/v2\/comments?post=7509"}],"version-history":[{"count":0,"href":"https:\/\/www.elektrofix.nl\/fr\/wp-json\/wp\/v2\/pages\/7509\/revisions"}],"wp:attachment":[{"href":"https:\/\/www.elektrofix.nl\/fr\/wp-json\/wp\/v2\/media?parent=7509"}],"curies":[{"name":"wp","href":"https:\/\/api.w.org\/{rel}","templated":true}]}}

Installation de la caméra arrière

<p>[vc_row full_width= »stretch_row » css= ».vc_custom_1612202182063{padding-top: 30px !important;padding-bottom: 15px !important;} »][vc_column][vc_column_text]</p>
<h5>Elektrofix est votre partenaire de A à Z</h5>
<h2>Caméra de recul cassée ? Aller à Elektrofix !</h2>
<p>[/vc_column_text][/vc_column][vc_column css= ».vc_custom_1612180223540{padding-top: 0px !important;padding-bottom: 0px !important;} »][vc_row_inner equal_height= »yes » content_placement= »middle » css= ».vc_custom_1612260120748{padding-top: 0px !important;padding-bottom: 0px !important;} »][vc_column_inner width= »1/2&Prime; css= ».vc_custom_1612180239327{padding-top: 0px !important;padding-bottom: 0px !important;} »][vc_column_text]<img decoding="async" class="alignnone size-full wp-image-247 lazyload" data-src="/wp-content/uploads/index-foto-2.jpg" alt="installation de la caméra arrière" width="100%" height="auto" data-srcset="https://www.elektrofix.nl/wp-content/uploads/index-foto-2.jpg 500w, https://www.elektrofix.nl/wp-content/uploads/index-foto-2-300x286.jpg 300w" data-sizes="(max-width: 500px) 100vw, 500px" src="data:image/svg+xml;base64,PHN2ZyB3aWR0aD0iMSIgaGVpZ2h0PSIxIiB4bWxucz0iaHR0cDovL3d3dy53My5vcmcvMjAwMC9zdmciPjwvc3ZnPg==" style="--smush-placeholder-width: 500px; --smush-placeholder-aspect-ratio: 500/476;" />[/vc_column_text][/vc_column_inner][vc_column_inner width= »1/2&Prime; css= ».vc_custom_1612180248955{padding-top: 0px !important;padding-bottom: 0px !important;} »][vc_column_text]Garer une voiture n&rsquo;est pas le passe-temps favori de beaucoup de gens. Un petit accident avec des dégâts est vite arrivé. Cela s&rsquo;explique principalement par le fait que vous n&rsquo;avez pas toujours une bonne visibilité autour ou derrière la voiture. L&rsquo;installation d&rsquo;une caméra de recul offre alors une solution. Avec une caméra de recul, vous avez beaucoup plus de contrôle sur ce qui se passe autour de la voiture.</p>
<p>Après l&rsquo;installation de la caméra de recul, il devient beaucoup plus facile de garer la voiture ou d&rsquo;atteler une remorque. Pour l&rsquo;installation d&rsquo;une caméra de recul, adressez-vous donc à Elektrofix, le spécialiste de l&rsquo;électronique automobile ![/vc_column_text][vc_btn title= »Demande de devis » style= »custom » custom_text= »#666666&Prime; el_class= »blue-btn » link= »url:%23offerte||| »][/vc_column_inner][/vc_row_inner][/vc_column][/vc_row][vc_row full_width= »stretch_row » css= ».vc_custom_1612202018327{padding-top: 50px !important;padding-bottom: 15px !important;} »][vc_column css= ».vc_custom_1612180223540{padding-top: 0px !important;padding-bottom: 0px !important;} »][vc_column_text]</p>
<h2>Montage de la caméra de vision arrière sur le moniteur existant</h2>
<p>Si votre voiture est déjà équipée d&rsquo;un moniteur ou d&rsquo;un système de navigation, nous pouvons dans de nombreux cas installer une caméra de recul. Nous fournissons une interface spéciale à laquelle une caméra peut être connectée. De cette manière, vous n&rsquo;avez pas besoin d&rsquo;installer un écran séparé et tout se présente comme à l&rsquo;origine.<br />
[/vc_column_text][/vc_column][/vc_row][vc_row full_width= »stretch_row » css= ».vc_custom_1612202018327{padding-top: 50px !important;padding-bottom: 15px !important;} »][vc_column css= ».vc_custom_1612180223540{padding-top: 0px !important;padding-bottom: 0px !important;} »][vc_column_text]</p>
<h5>La réparation chez Elektrofix est moins chère</h5>
<h2>Caméra de recul en panne ? La réparation est moins coûteuse que l&rsquo;achat d&rsquo;un nouvel appareil</h2>
<p>Votre caméra de recul est-elle défectueuse ? Dans de nombreux cas, la réparation d&rsquo;une caméra de recul est alors une solution économique. En faisant réparer votre appareil photo par nos soins, vous économiserez beaucoup d&rsquo;argent. Souvent, l&rsquo;achat d&rsquo;une pièce défectueuse auprès d&rsquo;un revendeur est très coûteux. En outre, les concessionnaires facturent souvent des tarifs horaires élevés pour l&rsquo;installation et le montage des pièces de la caméra de recul. Votre caméra de recul ne fonctionne plus ? Allez ensuite chez Elektrofix. La réparation de la caméra de recul vous coûtera bientôt beaucoup moins cher.<br />
[/vc_column_text][/vc_column][/vc_row][vc_row full_width= »stretch_row » css= ».vc_custom_1612199972923{margin-top: 50px !important;margin-bottom: 50px !important;padding-top: 0px !important;padding-bottom: 0px !important;background-image: url(https://www.elektrofix.nl/wp-content/uploads/pexels-ingo-joseph-13781-1.png?id=250) !important;background-position: center !important;background-repeat: no-repeat !important;background-size: cover !important;} » el_class= »cta-box »][vc_column css= ».vc_custom_1612180223540{padding-top: 0px !important;padding-bottom: 0px !important;} »][vc_row_inner equal_height= »yes » content_placement= »middle » css= ».vc_custom_1612260422676{padding-top: 0px !important;padding-bottom: 0px !important;} »][vc_column_inner el_class= »cta-gradient-box » width= »1/2&Prime; css= ».vc_custom_1612200066371{padding-top: 65px !important;padding-bottom: 35px !important;} »][vc_column_text]</p>
<h2>Curieux de savoir<br />
les possibilités ?</h2>
<p>Elektrofix est un spécialiste des réparations électroniques automobiles et du codage de logiciels. Contactez-nous dès aujourd&rsquo;hui pour un rendez-vous ![/vc_column_text][vc_btn title= »Demande de devis » style= »custom » custom_text= »#666666&Prime; el_class= »white-btn » link= »url:%23offerte||| »][/vc_column_inner][vc_column_inner width= »1/2&Prime; css= ».vc_custom_1612180248955{padding-top: 0px !important;padding-bottom: 0px !important;} »][/vc_column_inner][/vc_row_inner][/vc_column][/vc_row][vc_row full_width= »stretch_row » css= ».vc_custom_1612199714486{padding-top: 50px !important;padding-bottom: 15px !important;} »][vc_column][vc_column_text]</p>
<h2>Pourquoi installer ou réparer une caméra de recul chez Elektrofix ?</h2>
<p>[/vc_column_text][vc_row_inner][vc_column_inner width= »1/2&Prime;][vc_column_text]Votre caméra de recul est-elle défectueuse ? Dans ce cas, l&rsquo;achat d&rsquo;un nouvel appareil photo n&rsquo;est pas immédiatement la solution la plus économique. Après une réparation chez Elektrofix, votre clé fonctionne généralement comme avant.</p>
<p>Il y a plusieurs bonnes raisons de nous choisir pour l&rsquo;installation ou la réparation d&rsquo;une caméra de recul :</p>
<ul>
<li>Plus de 20 ans d&rsquo;expérience</li>
<li>Réparation rapide (dans les 2 jours)</li>
<li>1 an de garantie après réparation</li>
<li>Montage / extension, y compris</li>
<li>Spécialiste BMW</li>
</ul>
<p>[/vc_column_text][vc_btn title= »Demande de devis » style= »custom » custom_text= »#666666&Prime; el_class= »blue-btn » link= »url:%23offerte||| »][/vc_column_inner][vc_column_inner width= »1/2&Prime;][vc_column_text]<img decoding="async" class="alignnone size-full wp-image-493 lazyload" data-src="/wp-content/uploads/image-8.jpeg" alt="réparation de la caméra de recul" width="100%" height="auto" data-srcset="https://www.elektrofix.nl/wp-content/uploads/image-8.jpeg 500w, https://www.elektrofix.nl/wp-content/uploads/image-8-300x227.jpeg 300w" data-sizes="(max-width: 500px) 100vw, 500px" src="data:image/svg+xml;base64,PHN2ZyB3aWR0aD0iMSIgaGVpZ2h0PSIxIiB4bWxucz0iaHR0cDovL3d3dy53My5vcmcvMjAwMC9zdmciPjwvc3ZnPg==" style="--smush-placeholder-width: 500px; --smush-placeholder-aspect-ratio: 500/379;" />[/vc_column_text][/vc_column_inner][/vc_row_inner][/vc_column][/vc_row][vc_row full_width= »stretch_row » css= ».vc_custom_1612202018327{padding-top: 50px !important;padding-bottom: 15px !important;} »][vc_column css= ».vc_custom_1612180223540{padding-top: 0px !important;padding-bottom: 0px !important;} »][vc_column_text]</p>
<h5>Mécanicien polyvalent en électronique automobile</h5>
<h2>Autres réparations électroniques de voitures</h2>
<p>Chez Elektrofix, vous pouvez aller au-delà de l&rsquo;installation et de la réparation de caméras de recul. Nous réparons presque tout dans le domaine de l&rsquo;électronique automobile, y compris :<br />
[/vc_column_text][vc_row_inner css= ».vc_custom_1612260131186{padding-top: 0px !important;padding-bottom: 0px !important;} »][vc_column_inner width= »1/2&Prime; css= ».vc_custom_1612180239327{padding-top: 0px !important;padding-bottom: 0px !important;} »][vc_column_text]</p>
<ul>
<li>Réparation de l&rsquo;alarme de la voiture</li>
<li>Erreurs de lecture des DVD/CD</li>
<li>Réparation du tableau de bord</li>
<li>Réparation de clés de voiture</li>
</ul>
<p>[/vc_column_text][/vc_column_inner][vc_column_inner width= »1/2&Prime;][vc_column_text]</p>
<ul>
<li>Installation/réparation/montage de caméras de recul</li>
<li>Réparation du compteur de tours/kilométrage</li>
<li>Toutes les marques d&rsquo;autoradios</li>
<li>Installation/réparation/montage de kits automobiles</li>
</ul>
<p>[/vc_column_text][/vc_column_inner][/vc_row_inner][vc_column_text]La pièce de votre voiture avec laquelle vous avez des problèmes électroniques n&rsquo;est pas mentionnée ci-dessus ? Si c&rsquo;est le cas, contactez-nous. Il y a de fortes chances que nous puissions encore le réparer pour vous.<br />
[/vc_column_text][/vc_column][/vc_row][vc_row][vc_column][vc_column_text]</p>
<h2>Contacter Elektrofix</h2>
<p>Venez chez Elektrofix pour l&rsquo;installation d&rsquo;une caméra de recul. Votre appareil photo est cassé et a besoin d&rsquo;être réparé ? Nous pouvons également vous aider dans ce domaine. Prenez rendez-vous à l&rsquo;avance en appelant le <a href="tel:0625387023">06 25 38 70</a> 23, par e-mail <a href="mailto:info@elektrofix.nl">info@elektrofix.nl</a> ou en laissant un message via le formulaire de contact présent sur le site.<br />
[/vc_column_text][/vc_column][/vc_row]</p>

<p>[vc_row full_width= »stretch_row » css= ».vc_custom_1612202182063{padding-top: 30px !important;padding-bottom: 15px !important;} »][vc_column][vc_column_text] Elektrofix est votre partenaire de A à Z Caméra de recul cassée ? Aller à Elektrofix ! [/vc_column_text][/vc_column][vc_column<a class="moretag" href="https://www.elektrofix.nl/fr/installation-de-la-camera-arriere/">&#8230;</a></p>
