{"id":7443,"date":"2024-02-16T13:14:40","date_gmt":"2024-02-16T12:14:40","guid":{"rendered":"https:\/\/www.elektrofix.nl\/reparation-de-lautoradio-bmw\/"},"modified":"2024-02-16T13:14:40","modified_gmt":"2024-02-16T12:14:40","slug":"reparation-de-lautoradio-bmw","status":"publish","type":"page","link":"https:\/\/www.elektrofix.nl\/fr\/reparation-de-lautoradio-bmw\/","title":{"rendered":"R\u00e9paration de l&rsquo;autoradio BMW"},"content":{"rendered":"<p>[vc_row full_width=\u00a0\u00bbstretch_row\u00a0\u00bb css=\u00a0\u00bb.vc_custom_1612202182063{padding-top: 30px !important;padding-bottom: 15px !important;}\u00a0\u00bb][vc_column css=\u00a0\u00bb.vc_custom_1612180223540{padding-top: 0px !important;padding-bottom: 0px !important;}\u00a0\u00bb][vc_column_text]<\/p>\n<h5>Elektrofix est votre partenaire de A \u00e0 Z<\/h5>\n<h2>L&rsquo;autoradio BMW est cass\u00e9 ? Aller \u00e0 Elektrofix !<\/h2>\n<p>[\/vc_column_text][vc_row_inner equal_height=\u00a0\u00bbyes\u00a0\u00bb content_placement=\u00a0\u00bbmiddle\u00a0\u00bb css=\u00a0\u00bb.vc_custom_1612260120748{padding-top: 0px !important;padding-bottom: 0px !important;}\u00a0\u00bb][vc_column_inner width=\u00a0\u00bb1\/2&Prime; css=\u00a0\u00bb.vc_custom_1612180239327{padding-top: 0px !important;padding-bottom: 0px !important;}\u00a0\u00bb][vc_column_text]<img decoding=\"async\" class=\"alignnone size-full wp-image-506 lazyload\" data-src=\"\/wp-content\/uploads\/display-BMW.jpeg\" alt=\"R\u00e9paration de l'autoradio BMW\" width=\"100%\" height=\"auto\" data-srcset=\"https:\/\/www.elektrofix.nl\/wp-content\/uploads\/display-BMW.jpeg 500w, https:\/\/www.elektrofix.nl\/wp-content\/uploads\/display-BMW-300x221.jpeg 300w\" data-sizes=\"(max-width: 500px) 100vw, 500px\" src=\"data:image\/svg+xml;base64,PHN2ZyB3aWR0aD0iMSIgaGVpZ2h0PSIxIiB4bWxucz0iaHR0cDovL3d3dy53My5vcmcvMjAwMC9zdmciPjwvc3ZnPg==\" style=\"--smush-placeholder-width: 500px; --smush-placeholder-aspect-ratio: 500\/369;\" \/>[\/vc_column_text][\/vc_column_inner][vc_column_inner width=\u00a0\u00bb1\/2&Prime; css=\u00a0\u00bb.vc_custom_1612180248955{padding-top: 0px !important;padding-bottom: 0px !important;}\u00a0\u00bb][vc_column_text]Votre autoradio BMW est en panne ou un de ses composants ne fonctionne pas ? Dans ce cas, adressez-vous \u00e0 Elektrofix, nous sommes l&rsquo;adresse pour la r\u00e9paration experte d&rsquo;autoradios BMW. Dans la plupart des cas, nous pouvons r\u00e9parer votre autoradio dans notre atelier \u00e0 Arnhem. Parce qu&rsquo;il n&rsquo;y a rien de plus ennuyeux que des appareils \u00e9lectroniques BMW qui ne fonctionnent pas dans la voiture.<\/p>\n<p>D&rsquo;autant plus que vous en \u00eates parfois tr\u00e8s d\u00e9pendant, comme dans le cas d&rsquo;un syst\u00e8me de navigation. Pour la r\u00e9paration d&rsquo;un autoradio, il est donc important que vous choisissiez un r\u00e9parateur qui s&rsquo;occupera de votre autoradio rapidement, \u00e0 moindre co\u00fbt et avec comp\u00e9tence. La r\u00e9paration des autoradios BMW est une sp\u00e9cialit\u00e9 d&rsquo;Elektrofix !<br \/>\n[\/vc_column_text][vc_btn title=\u00a0\u00bbDemande de devis\u00a0\u00bb style=\u00a0\u00bbcustom\u00a0\u00bb custom_text=\u00a0\u00bb#666666&Prime; el_class=\u00a0\u00bbblue-btn\u00a0\u00bb link=\u00a0\u00bburl:%23offerte|||\u00a0\u00bb][\/vc_column_inner][\/vc_row_inner][\/vc_column][\/vc_row][vc_row full_width=\u00a0\u00bbstretch_row\u00a0\u00bb css=\u00a0\u00bb.vc_custom_1612202018327{padding-top: 50px !important;padding-bottom: 15px !important;}\u00a0\u00bb][vc_column css=\u00a0\u00bb.vc_custom_1612180223540{padding-top: 0px !important;padding-bottom: 0px !important;}\u00a0\u00bb][vc_column_text]<\/p>\n<h5>La r\u00e9paration chez Elektrofix est moins ch\u00e8re<\/h5>\n<h2>La r\u00e9paration d&rsquo;un autoradio BMW est plus \u00e9conomique que son remplacement<\/h2>\n<p>Un autoradio BMW dans votre voiture est \u00e9videmment agr\u00e9able et pratique \u00e0 avoir. Mais c&rsquo;est votre radio qui doit le faire ! Il est tr\u00e8s irritant de constater que l&rsquo;autoradio BMW est d\u00e9fectueux. De nombreuses personnes ne peuvent pas se passer de leur autoradio. Vous devez parcourir quotidiennement de longues distances pour votre travail ? Vous partez bient\u00f4t pour un long voyage en voiture ou vous utilisez souvent votre voiture ? Un morceau de musique peut aider \u00e9norm\u00e9ment \u00e0 chasser l&rsquo;ennui des longs trajets en voiture. Mais si votre autoradio BMW tombe en panne, il devient difficile de savoir o\u00f9 se trouvent les embouteillages ou quelles sont les derni\u00e8res nouvelles.<\/p>\n<p>La plupart des gens demandent \u00e0 leur garagiste ou \u00e0 leur concessionnaire si leur autoradio BMW est d\u00e9fectueux. La r\u00e9ponse est pratiquement toujours la m\u00eame : remplacer la radio ! La r\u00e9paration d&rsquo;un autoradio BMW est toujours une option int\u00e9ressante et \u00e9conomique. Par exemple, qu&rsquo;est-ce qui ne va pas ? Un \u00e9cran d\u00e9fectueux, des boutons qui ne r\u00e9pondent plus, une r\u00e9ception radio perturb\u00e9e ? En bref, votre autoradio est-il en panne ? Alors venez chez Elektrofix. Les r\u00e9parations d&rsquo;autoradios BMW sont effectu\u00e9es dans notre propre atelier.<br \/>\n[\/vc_column_text][\/vc_column][\/vc_row][vc_row full_width=\u00a0\u00bbstretch_row\u00a0\u00bb css=\u00a0\u00bb.vc_custom_1612199972923{margin-top: 50px !important;margin-bottom: 50px !important;padding-top: 0px !important;padding-bottom: 0px !important;background-image: url(https:\/\/www.elektrofix.nl\/wp-content\/uploads\/pexels-ingo-joseph-13781-1.png?id=250) !important;background-position: center !important;background-repeat: no-repeat !important;background-size: cover !important;}\u00a0\u00bb el_class=\u00a0\u00bbcta-box\u00a0\u00bb][vc_column css=\u00a0\u00bb.vc_custom_1612180223540{padding-top: 0px !important;padding-bottom: 0px !important;}\u00a0\u00bb][vc_row_inner equal_height=\u00a0\u00bbyes\u00a0\u00bb content_placement=\u00a0\u00bbmiddle\u00a0\u00bb css=\u00a0\u00bb.vc_custom_1612260422676{padding-top: 0px !important;padding-bottom: 0px !important;}\u00a0\u00bb][vc_column_inner el_class=\u00a0\u00bbcta-gradient-box\u00a0\u00bb width=\u00a0\u00bb1\/2&Prime; css=\u00a0\u00bb.vc_custom_1612200066371{padding-top: 65px !important;padding-bottom: 35px !important;}\u00a0\u00bb][vc_column_text]<\/p>\n<h2>Curieux de savoir<br \/>\nles possibilit\u00e9s ?<\/h2>\n<p>Elektrofix est un sp\u00e9cialiste des r\u00e9parations \u00e9lectroniques automobiles et du codage de logiciels. Contactez-nous d\u00e8s aujourd&rsquo;hui pour un rendez-vous ![\/vc_column_text][vc_btn title=\u00a0\u00bbDemande de devis\u00a0\u00bb style=\u00a0\u00bbcustom\u00a0\u00bb custom_text=\u00a0\u00bb#666666&Prime; el_class=\u00a0\u00bbwhite-btn\u00a0\u00bb link=\u00a0\u00bburl:%23offerte|||\u00a0\u00bb][\/vc_column_inner][vc_column_inner width=\u00a0\u00bb1\/2&Prime; css=\u00a0\u00bb.vc_custom_1612180248955{padding-top: 0px !important;padding-bottom: 0px !important;}\u00a0\u00bb][\/vc_column_inner][\/vc_row_inner][\/vc_column][\/vc_row][vc_row full_width=\u00a0\u00bbstretch_row\u00a0\u00bb css=\u00a0\u00bb.vc_custom_1612199714486{padding-top: 50px !important;padding-bottom: 15px !important;}\u00a0\u00bb][vc_column][vc_column_text]<\/p>\n<h2>Pourquoi choisir la r\u00e9paration d&rsquo;autoradio BMW par Elektrofix ?<\/h2>\n<p>[\/vc_column_text][vc_row_inner][vc_column_inner][vc_column_text]Un nouvel autoradio BMW n&rsquo;est jamais l&rsquo;option la moins ch\u00e8re. Si votre autoradio BMW est d\u00e9fectueux, il y a plusieurs bonnes raisons d&rsquo;opter pour une r\u00e9paration d&rsquo;autoradio par Elektrofix.<\/p>\n<ul>\n<li>R\u00e9paration d&rsquo;autoradios pour toutes les marques de voitures<\/li>\n<li>Plus de 20 ans d&rsquo;exp\u00e9rience<\/li>\n<li>R\u00e9paration rapide (dans les 2 jours)<\/li>\n<li>1 an de garantie apr\u00e8s r\u00e9paration<\/li>\n<li>Montage \/ extension, y compris<\/li>\n<li>Nous, sp\u00e9cialistes de l&rsquo;\u00e9lectronique BMW<\/li>\n<\/ul>\n<p>[\/vc_column_text][vc_btn title=\u00a0\u00bbDemande de devis\u00a0\u00bb style=\u00a0\u00bbcustom\u00a0\u00bb custom_text=\u00a0\u00bb#666666&Prime; align=\u00a0\u00bbcenter\u00a0\u00bb el_class=\u00a0\u00bbblue-btn\u00a0\u00bb link=\u00a0\u00bburl:%23offerte|||\u00a0\u00bb][\/vc_column_inner][\/vc_row_inner][\/vc_column][\/vc_row][vc_row full_width=\u00a0\u00bbstretch_row\u00a0\u00bb css=\u00a0\u00bb.vc_custom_1612202018327{padding-top: 50px !important;padding-bottom: 15px !important;}\u00a0\u00bb][vc_column css=\u00a0\u00bb.vc_custom_1612180223540{padding-top: 0px !important;padding-bottom: 0px !important;}\u00a0\u00bb][vc_column_text]<\/p>\n<h5>M\u00e9canicien polyvalent en \u00e9lectronique automobile<\/h5>\n<h2>Autres r\u00e9parations \u00e9lectroniques de voitures<\/h2>\n<p>Chez Elektrofix, vous pouvez obtenir plus qu&rsquo;une simple r\u00e9paration du syst\u00e8me de navigation BMW. Nous r\u00e9parons presque tout dans le domaine de l&rsquo;\u00e9lectronique BMW, ainsi que d&rsquo;autres marques de voitures. Que faisons-nous d&rsquo;autre ?<br \/>\n[\/vc_column_text][vc_row_inner css=\u00a0\u00bb.vc_custom_1612260131186{padding-top: 0px !important;padding-bottom: 0px !important;}\u00a0\u00bb][vc_column_inner width=\u00a0\u00bb2\/3&Prime; css=\u00a0\u00bb.vc_custom_1612180239327{padding-top: 0px !important;padding-bottom: 0px !important;}\u00a0\u00bb][vc_column_text]<\/p>\n<ul>\n<li>R\u00e9paration\/installation\/assemblage de syst\u00e8mes de navigation automobile<\/li>\n<li>R\u00e9paration de l&rsquo;alarme de la voiture<\/li>\n<li>Erreurs de lecture des DVD\/CD<\/li>\n<li>R\u00e9paration du tableau de bord<\/li>\n<li>R\u00e9paration de cl\u00e9s de voiture<\/li>\n<li>Installation\/r\u00e9paration\/montage de cam\u00e9ras de recul<\/li>\n<li>R\u00e9paration du compteur de tours\/kilom\u00e9trage<\/li>\n<li>Installation\/r\u00e9paration\/montage de kits automobiles<\/li>\n<\/ul>\n<p>[\/vc_column_text][vc_column_text]La pi\u00e8ce de votre voiture avec laquelle vous avez des probl\u00e8mes \u00e9lectroniques ne figure pas dans la liste ci-dessus ? Si c&rsquo;est le cas, contactez-nous. Il y a de fortes chances que nous puissions encore le r\u00e9parer pour vous.[\/vc_column_text][\/vc_column_inner][vc_column_inner width=\u00a0\u00bb1\/3&Prime;][vc_column_text]<img decoding=\"async\" class=\"alignnone size-full wp-image-511 lazyload\" data-src=\"\/wp-content\/uploads\/bmw-1368279_640.jpg\" alt=\"BMW r\u00e9pare l'\u00e9lectronique\" width=\"100%\" height=\"auto\" data-srcset=\"https:\/\/www.elektrofix.nl\/wp-content\/uploads\/bmw-1368279_640.jpg 640w, https:\/\/www.elektrofix.nl\/wp-content\/uploads\/bmw-1368279_640-300x200.jpg 300w\" data-sizes=\"(max-width: 640px) 100vw, 640px\" src=\"data:image\/svg+xml;base64,PHN2ZyB3aWR0aD0iMSIgaGVpZ2h0PSIxIiB4bWxucz0iaHR0cDovL3d3dy53My5vcmcvMjAwMC9zdmciPjwvc3ZnPg==\" style=\"--smush-placeholder-width: 640px; --smush-placeholder-aspect-ratio: 640\/426;\" \/>[\/vc_column_text][\/vc_column_inner][\/vc_row_inner][\/vc_column][\/vc_row][vc_row][vc_column][vc_column_text]<\/p>\n<h2>Contactez directement Elektrofix<\/h2>\n<p>Pour la r\u00e9paration d&rsquo;un autoradio BMW, rendez-vous chez Elektrofix. Prenez rendez-vous \u00e0 l&rsquo;avance pour une r\u00e9paration de navigation en appelant le <a href=\"tel:0625387023\">06 25 38 70 23<\/a>, en envoyant un courriel \u00e0 <a href=\"mailto:info@elektrofix.nl\">info@elektrofix.nl<\/a> ou en laissant un message via le formulaire de contact ici sur le site web.<br \/>\n[\/vc_column_text][\/vc_column][\/vc_row]<\/p>\n","protected":false},"excerpt":{"rendered":"<p>[vc_row full_width=\u00a0\u00bbstretch_row\u00a0\u00bb css=\u00a0\u00bb.vc_custom_1612202182063{padding-top: 30px !important;padding-bottom: 15px !important;}\u00a0\u00bb][vc_column css=\u00a0\u00bb.vc_custom_1612180223540{padding-top: 0px !important;padding-bottom: 0px !important;}\u00a0\u00bb][vc_column_text] Elektrofix est votre partenaire de A \u00e0 Z L&rsquo;autoradio BMW est cass\u00e9 ?<a class=\"moretag\" href=\"https:\/\/www.elektrofix.nl\/fr\/reparation-de-lautoradio-bmw\/\">&#8230;<\/a><\/p>\n","protected":false},"author":1,"featured_media":0,"parent":0,"menu_order":0,"comment_status":"closed","ping_status":"closed","template":"","meta":{"footnotes":""},"class_list":["post-7443","page","type-page","status-publish","hentry"],"_links":{"self":[{"href":"https:\/\/www.elektrofix.nl\/fr\/wp-json\/wp\/v2\/pages\/7443","targetHints":{"allow":["GET"]}}],"collection":[{"href":"https:\/\/www.elektrofix.nl\/fr\/wp-json\/wp\/v2\/pages"}],"about":[{"href":"https:\/\/www.elektrofix.nl\/fr\/wp-json\/wp\/v2\/types\/page"}],"author":[{"embeddable":true,"href":"https:\/\/www.elektrofix.nl\/fr\/wp-json\/wp\/v2\/users\/1"}],"replies":[{"embeddable":true,"href":"https:\/\/www.elektrofix.nl\/fr\/wp-json\/wp\/v2\/comments?post=7443"}],"version-history":[{"count":0,"href":"https:\/\/www.elektrofix.nl\/fr\/wp-json\/wp\/v2\/pages\/7443\/revisions"}],"wp:attachment":[{"href":"https:\/\/www.elektrofix.nl\/fr\/wp-json\/wp\/v2\/media?parent=7443"}],"curies":[{"name":"wp","href":"https:\/\/api.w.org\/{rel}","templated":true}]}}

Réparation de l&rsquo;autoradio BMW

<p>[vc_row full_width= »stretch_row » css= ».vc_custom_1612202182063{padding-top: 30px !important;padding-bottom: 15px !important;} »][vc_column css= ».vc_custom_1612180223540{padding-top: 0px !important;padding-bottom: 0px !important;} »][vc_column_text]</p>
<h5>Elektrofix est votre partenaire de A à Z</h5>
<h2>L&rsquo;autoradio BMW est cassé ? Aller à Elektrofix !</h2>
<p>[/vc_column_text][vc_row_inner equal_height= »yes » content_placement= »middle » css= ».vc_custom_1612260120748{padding-top: 0px !important;padding-bottom: 0px !important;} »][vc_column_inner width= »1/2&Prime; css= ».vc_custom_1612180239327{padding-top: 0px !important;padding-bottom: 0px !important;} »][vc_column_text]<img decoding="async" class="alignnone size-full wp-image-506 lazyload" data-src="/wp-content/uploads/display-BMW.jpeg" alt="Réparation de l'autoradio BMW" width="100%" height="auto" data-srcset="https://www.elektrofix.nl/wp-content/uploads/display-BMW.jpeg 500w, https://www.elektrofix.nl/wp-content/uploads/display-BMW-300x221.jpeg 300w" data-sizes="(max-width: 500px) 100vw, 500px" src="data:image/svg+xml;base64,PHN2ZyB3aWR0aD0iMSIgaGVpZ2h0PSIxIiB4bWxucz0iaHR0cDovL3d3dy53My5vcmcvMjAwMC9zdmciPjwvc3ZnPg==" style="--smush-placeholder-width: 500px; --smush-placeholder-aspect-ratio: 500/369;" />[/vc_column_text][/vc_column_inner][vc_column_inner width= »1/2&Prime; css= ».vc_custom_1612180248955{padding-top: 0px !important;padding-bottom: 0px !important;} »][vc_column_text]Votre autoradio BMW est en panne ou un de ses composants ne fonctionne pas ? Dans ce cas, adressez-vous à Elektrofix, nous sommes l&rsquo;adresse pour la réparation experte d&rsquo;autoradios BMW. Dans la plupart des cas, nous pouvons réparer votre autoradio dans notre atelier à Arnhem. Parce qu&rsquo;il n&rsquo;y a rien de plus ennuyeux que des appareils électroniques BMW qui ne fonctionnent pas dans la voiture.</p>
<p>D&rsquo;autant plus que vous en êtes parfois très dépendant, comme dans le cas d&rsquo;un système de navigation. Pour la réparation d&rsquo;un autoradio, il est donc important que vous choisissiez un réparateur qui s&rsquo;occupera de votre autoradio rapidement, à moindre coût et avec compétence. La réparation des autoradios BMW est une spécialité d&rsquo;Elektrofix !<br />
[/vc_column_text][vc_btn title= »Demande de devis » style= »custom » custom_text= »#666666&Prime; el_class= »blue-btn » link= »url:%23offerte||| »][/vc_column_inner][/vc_row_inner][/vc_column][/vc_row][vc_row full_width= »stretch_row » css= ».vc_custom_1612202018327{padding-top: 50px !important;padding-bottom: 15px !important;} »][vc_column css= ».vc_custom_1612180223540{padding-top: 0px !important;padding-bottom: 0px !important;} »][vc_column_text]</p>
<h5>La réparation chez Elektrofix est moins chère</h5>
<h2>La réparation d&rsquo;un autoradio BMW est plus économique que son remplacement</h2>
<p>Un autoradio BMW dans votre voiture est évidemment agréable et pratique à avoir. Mais c&rsquo;est votre radio qui doit le faire ! Il est très irritant de constater que l&rsquo;autoradio BMW est défectueux. De nombreuses personnes ne peuvent pas se passer de leur autoradio. Vous devez parcourir quotidiennement de longues distances pour votre travail ? Vous partez bientôt pour un long voyage en voiture ou vous utilisez souvent votre voiture ? Un morceau de musique peut aider énormément à chasser l&rsquo;ennui des longs trajets en voiture. Mais si votre autoradio BMW tombe en panne, il devient difficile de savoir où se trouvent les embouteillages ou quelles sont les dernières nouvelles.</p>
<p>La plupart des gens demandent à leur garagiste ou à leur concessionnaire si leur autoradio BMW est défectueux. La réponse est pratiquement toujours la même : remplacer la radio ! La réparation d&rsquo;un autoradio BMW est toujours une option intéressante et économique. Par exemple, qu&rsquo;est-ce qui ne va pas ? Un écran défectueux, des boutons qui ne répondent plus, une réception radio perturbée ? En bref, votre autoradio est-il en panne ? Alors venez chez Elektrofix. Les réparations d&rsquo;autoradios BMW sont effectuées dans notre propre atelier.<br />
[/vc_column_text][/vc_column][/vc_row][vc_row full_width= »stretch_row » css= ».vc_custom_1612199972923{margin-top: 50px !important;margin-bottom: 50px !important;padding-top: 0px !important;padding-bottom: 0px !important;background-image: url(https://www.elektrofix.nl/wp-content/uploads/pexels-ingo-joseph-13781-1.png?id=250) !important;background-position: center !important;background-repeat: no-repeat !important;background-size: cover !important;} » el_class= »cta-box »][vc_column css= ».vc_custom_1612180223540{padding-top: 0px !important;padding-bottom: 0px !important;} »][vc_row_inner equal_height= »yes » content_placement= »middle » css= ».vc_custom_1612260422676{padding-top: 0px !important;padding-bottom: 0px !important;} »][vc_column_inner el_class= »cta-gradient-box » width= »1/2&Prime; css= ».vc_custom_1612200066371{padding-top: 65px !important;padding-bottom: 35px !important;} »][vc_column_text]</p>
<h2>Curieux de savoir<br />
les possibilités ?</h2>
<p>Elektrofix est un spécialiste des réparations électroniques automobiles et du codage de logiciels. Contactez-nous dès aujourd&rsquo;hui pour un rendez-vous ![/vc_column_text][vc_btn title= »Demande de devis » style= »custom » custom_text= »#666666&Prime; el_class= »white-btn » link= »url:%23offerte||| »][/vc_column_inner][vc_column_inner width= »1/2&Prime; css= ».vc_custom_1612180248955{padding-top: 0px !important;padding-bottom: 0px !important;} »][/vc_column_inner][/vc_row_inner][/vc_column][/vc_row][vc_row full_width= »stretch_row » css= ».vc_custom_1612199714486{padding-top: 50px !important;padding-bottom: 15px !important;} »][vc_column][vc_column_text]</p>
<h2>Pourquoi choisir la réparation d&rsquo;autoradio BMW par Elektrofix ?</h2>
<p>[/vc_column_text][vc_row_inner][vc_column_inner][vc_column_text]Un nouvel autoradio BMW n&rsquo;est jamais l&rsquo;option la moins chère. Si votre autoradio BMW est défectueux, il y a plusieurs bonnes raisons d&rsquo;opter pour une réparation d&rsquo;autoradio par Elektrofix.</p>
<ul>
<li>Réparation d&rsquo;autoradios pour toutes les marques de voitures</li>
<li>Plus de 20 ans d&rsquo;expérience</li>
<li>Réparation rapide (dans les 2 jours)</li>
<li>1 an de garantie après réparation</li>
<li>Montage / extension, y compris</li>
<li>Nous, spécialistes de l&rsquo;électronique BMW</li>
</ul>
<p>[/vc_column_text][vc_btn title= »Demande de devis » style= »custom » custom_text= »#666666&Prime; align= »center » el_class= »blue-btn » link= »url:%23offerte||| »][/vc_column_inner][/vc_row_inner][/vc_column][/vc_row][vc_row full_width= »stretch_row » css= ».vc_custom_1612202018327{padding-top: 50px !important;padding-bottom: 15px !important;} »][vc_column css= ».vc_custom_1612180223540{padding-top: 0px !important;padding-bottom: 0px !important;} »][vc_column_text]</p>
<h5>Mécanicien polyvalent en électronique automobile</h5>
<h2>Autres réparations électroniques de voitures</h2>
<p>Chez Elektrofix, vous pouvez obtenir plus qu&rsquo;une simple réparation du système de navigation BMW. Nous réparons presque tout dans le domaine de l&rsquo;électronique BMW, ainsi que d&rsquo;autres marques de voitures. Que faisons-nous d&rsquo;autre ?<br />
[/vc_column_text][vc_row_inner css= ».vc_custom_1612260131186{padding-top: 0px !important;padding-bottom: 0px !important;} »][vc_column_inner width= »2/3&Prime; css= ».vc_custom_1612180239327{padding-top: 0px !important;padding-bottom: 0px !important;} »][vc_column_text]</p>
<ul>
<li>Réparation/installation/assemblage de systèmes de navigation automobile</li>
<li>Réparation de l&rsquo;alarme de la voiture</li>
<li>Erreurs de lecture des DVD/CD</li>
<li>Réparation du tableau de bord</li>
<li>Réparation de clés de voiture</li>
<li>Installation/réparation/montage de caméras de recul</li>
<li>Réparation du compteur de tours/kilométrage</li>
<li>Installation/réparation/montage de kits automobiles</li>
</ul>
<p>[/vc_column_text][vc_column_text]La pièce de votre voiture avec laquelle vous avez des problèmes électroniques ne figure pas dans la liste ci-dessus ? Si c&rsquo;est le cas, contactez-nous. Il y a de fortes chances que nous puissions encore le réparer pour vous.[/vc_column_text][/vc_column_inner][vc_column_inner width= »1/3&Prime;][vc_column_text]<img decoding="async" class="alignnone size-full wp-image-511 lazyload" data-src="/wp-content/uploads/bmw-1368279_640.jpg" alt="BMW répare l'électronique" width="100%" height="auto" data-srcset="https://www.elektrofix.nl/wp-content/uploads/bmw-1368279_640.jpg 640w, https://www.elektrofix.nl/wp-content/uploads/bmw-1368279_640-300x200.jpg 300w" data-sizes="(max-width: 640px) 100vw, 640px" src="data:image/svg+xml;base64,PHN2ZyB3aWR0aD0iMSIgaGVpZ2h0PSIxIiB4bWxucz0iaHR0cDovL3d3dy53My5vcmcvMjAwMC9zdmciPjwvc3ZnPg==" style="--smush-placeholder-width: 640px; --smush-placeholder-aspect-ratio: 640/426;" />[/vc_column_text][/vc_column_inner][/vc_row_inner][/vc_column][/vc_row][vc_row][vc_column][vc_column_text]</p>
<h2>Contactez directement Elektrofix</h2>
<p>Pour la réparation d&rsquo;un autoradio BMW, rendez-vous chez Elektrofix. Prenez rendez-vous à l&rsquo;avance pour une réparation de navigation en appelant le <a href="tel:0625387023">06 25 38 70 23</a>, en envoyant un courriel à <a href="mailto:info@elektrofix.nl">info@elektrofix.nl</a> ou en laissant un message via le formulaire de contact ici sur le site web.<br />
[/vc_column_text][/vc_column][/vc_row]</p>

<p>[vc_row full_width= »stretch_row » css= ».vc_custom_1612202182063{padding-top: 30px !important;padding-bottom: 15px !important;} »][vc_column css= ».vc_custom_1612180223540{padding-top: 0px !important;padding-bottom: 0px !important;} »][vc_column_text] Elektrofix est votre partenaire de A à Z L&rsquo;autoradio BMW est cassé ?<a class="moretag" href="https://www.elektrofix.nl/fr/reparation-de-lautoradio-bmw/">&#8230;</a></p>
