{"id":7405,"date":"2024-02-16T13:14:26","date_gmt":"2024-02-16T12:14:26","guid":{"rendered":"https:\/\/www.elektrofix.nl\/codage-bmw-sur-mesure\/"},"modified":"2024-02-16T13:14:26","modified_gmt":"2024-02-16T12:14:26","slug":"codage-bmw-sur-mesure","status":"publish","type":"page","link":"https:\/\/www.elektrofix.nl\/fr\/codage-bmw-sur-mesure\/","title":{"rendered":"Codage BMW sur mesure"},"content":{"rendered":"<p>[vc_row full_width=\u00a0\u00bbstretch_row\u00a0\u00bb css=\u00a0\u00bb.vc_custom_1612202182063{padding-top: 30px !important;padding-bottom: 15px !important;}\u00a0\u00bb][vc_column css=\u00a0\u00bb.vc_custom_1612180223540{padding-top: 0px !important;padding-bottom: 0px !important;}\u00a0\u00bb][vc_column_text]<\/p>\n<h5>Elektrofix est votre partenaire de A \u00e0 Z<\/h5>\n<h2>Encodage du logiciel BMW<\/h2>\n<p>[\/vc_column_text][vc_row_inner equal_height=\u00a0\u00bbyes\u00a0\u00bb content_placement=\u00a0\u00bbmiddle\u00a0\u00bb css=\u00a0\u00bb.vc_custom_1612260120748{padding-top: 0px !important;padding-bottom: 0px !important;}\u00a0\u00bb][vc_column_inner width=\u00a0\u00bb1\/2&Prime; css=\u00a0\u00bb.vc_custom_1612180239327{padding-top: 0px !important;padding-bottom: 0px !important;}\u00a0\u00bb][vc_single_image image=\u00a0\u00bb256&Prime; img_size=\u00a0\u00bbfull\u00a0\u00bb][\/vc_column_inner][vc_column_inner width=\u00a0\u00bb1\/2&Prime; css=\u00a0\u00bb.vc_custom_1612180248955{padding-top: 0px !important;padding-bottom: 0px !important;}\u00a0\u00bb][vc_column_text]En plus de la technologie, votre BMW est \u00e9quip\u00e9e d&rsquo;un grand nombre de dispositifs de direction. Tous ces conducteurs ont une t\u00e2che sp\u00e9cifique. En codant ce logiciel, nous pouvons ajouter des fonctionnalit\u00e9s suppl\u00e9mentaires \u00e0 votre BMW. Nous utilisons le logiciel BMW qui se connecte via le connecteur OBD de votre voiture. Cela nous permet d&rsquo;acc\u00e9der aux diff\u00e9rents codes et modules.<\/p>\n<p>En cas de questions, nous sommes toujours \u00e0 votre disposition. Un rendez-vous peut \u00e9galement \u00eatre fix\u00e9 \u00e0 court terme !<br \/>\nDe pr\u00e9f\u00e9rence, ayez \u00e0 port\u00e9e de main les 7 derniers chiffres de votre num\u00e9ro de ch\u00e2ssis afin que nous puissions traiter votre demande avec plus de pr\u00e9cision et vous conseiller. Ou remplissez le formulaire ici sur le site web.<\/p>\n<p>[\/vc_column_text][vc_btn title=\u00a0\u00bbDemande de devis\u00a0\u00bb style=\u00a0\u00bbcustom\u00a0\u00bb custom_text=\u00a0\u00bb#666666&Prime; el_class=\u00a0\u00bbblue-btn\u00a0\u00bb link=\u00a0\u00bburl:%23offerte|||\u00a0\u00bb][\/vc_column_inner][\/vc_row_inner][\/vc_column][\/vc_row][vc_row full_width=\u00a0\u00bbstretch_row\u00a0\u00bb css=\u00a0\u00bb.vc_custom_1612202018327{padding-top: 50px !important;padding-bottom: 15px !important;}\u00a0\u00bb][vc_column css=\u00a0\u00bb.vc_custom_1612180223540{padding-top: 0px !important;padding-bottom: 0px !important;}\u00a0\u00bb][vc_column_text]<\/p>\n<h5>Sp\u00e9cialiste en BMW<\/h5>\n<h2>Nous sommes sp\u00e9cialis\u00e9s dans les services de codage suivants :<\/h2>\n<p>[\/vc_column_text][vc_row_inner css=\u00a0\u00bb.vc_custom_1612260131186{padding-top: 0px !important;padding-bottom: 0px !important;}\u00a0\u00bb][vc_column_inner width=\u00a0\u00bb1\/2&Prime; css=\u00a0\u00bb.vc_custom_1612180239327{padding-top: 0px !important;padding-bottom: 0px !important;}\u00a0\u00bb][vc_column_text]<\/p>\n<ul>\n<li>Programmes de codage des apprentissages cl\u00e9s s\u00e9ries E, F, G et MINI tous mod\u00e8les.<\/li>\n<li>Cas1, Cas2, Cas3+. Cas 4 et Cas4+ : r\u00e9paration, mise \u00e0 jour, codage et clonage<\/li>\n<li>R\u00e9paration, mise \u00e0 jour, codage et clonage de DME et DDE.<\/li>\n<li>Frm1, Frm2, Frm3 LM R\u00e9initialisation du module, court-circuit, r\u00e9paration, mise \u00e0 jour, codage et clonage<\/li>\n<li>Mises \u00e0 jour logicielles pour l&rsquo;ensemble du v\u00e9hicule (moteur, transmission, Idrive, etc.).<\/li>\n<\/ul>\n<p>[\/vc_column_text][\/vc_column_inner][vc_column_inner width=\u00a0\u00bb1\/2&Prime;][vc_column_text]<\/p>\n<ul>\n<li>Programmation des unit\u00e9s de contr\u00f4le individuelles<\/li>\n<li>Diagnostic et d\u00e9pannage<\/li>\n<li>Installation arri\u00e8re OEM<\/li>\n<li>Mises \u00e0 jour de la navigation pour MASK CCC, CIC, NBT et EVO<\/li>\n<li>ALPINA Mise \u00e0 jour Flash<\/li>\n<li>Dommages caus\u00e9s par le vol<\/li>\n<li>Codage de l&rsquo;installation du tachym\u00e8tre num\u00e9rique 6WB<\/li>\n<li>R\u00e9initialisation ELV<\/li>\n<li>Autres codes<\/li>\n<\/ul>\n<p>[\/vc_column_text][\/vc_column_inner][\/vc_row_inner][\/vc_column][\/vc_row][vc_row full_width=\u00a0\u00bbstretch_row\u00a0\u00bb css=\u00a0\u00bb.vc_custom_1612199972923{margin-top: 50px !important;margin-bottom: 50px !important;padding-top: 0px !important;padding-bottom: 0px !important;background-image: url(https:\/\/www.elektrofix.nl\/wp-content\/uploads\/pexels-ingo-joseph-13781-1.png?id=250) !important;background-position: center !important;background-repeat: no-repeat !important;background-size: cover !important;}\u00a0\u00bb el_class=\u00a0\u00bbcta-box\u00a0\u00bb][vc_column css=\u00a0\u00bb.vc_custom_1612180223540{padding-top: 0px !important;padding-bottom: 0px !important;}\u00a0\u00bb][vc_row_inner equal_height=\u00a0\u00bbyes\u00a0\u00bb content_placement=\u00a0\u00bbmiddle\u00a0\u00bb css=\u00a0\u00bb.vc_custom_1612260140510{padding-top: 0px !important;padding-bottom: 0px !important;}\u00a0\u00bb][vc_column_inner el_class=\u00a0\u00bbcta-gradient-box\u00a0\u00bb width=\u00a0\u00bb1\/2&Prime; css=\u00a0\u00bb.vc_custom_1612200066371{padding-top: 65px !important;padding-bottom: 35px !important;}\u00a0\u00bb][vc_column_text]<\/p>\n<h2>Curieux de savoir<br \/>\nles possibilit\u00e9s ?<\/h2>\n<p>Volutpat ac. Pellentesque habitant morbi<br \/>\ntristique senectus et netus et malesuada<br \/>\nfames ac turpis egestas.[\/vc_column_text][vc_btn title=\u00a0\u00bbDemande de devis\u00a0\u00bb style=\u00a0\u00bbcustom\u00a0\u00bb custom_text=\u00a0\u00bb#666666&Prime; el_class=\u00a0\u00bbwhite-btn\u00a0\u00bb link=\u00a0\u00bburl:%23offerte|||\u00a0\u00bb][\/vc_column_inner][vc_column_inner width=\u00a0\u00bb1\/2&Prime; css=\u00a0\u00bb.vc_custom_1612180248955{padding-top: 0px !important;padding-bottom: 0px !important;}\u00a0\u00bb][\/vc_column_inner][\/vc_row_inner][\/vc_column][\/vc_row][vc_row][vc_column][vc_tta_accordion active_section=\u00a0\u00bb0&Prime; title=\u00a0\u00bbAutres options de cryptage\u00a0\u00bb][vc_tta_section title=\u00a0\u00bbVoir toutes les options\u00a0\u00bb tab_id=\u00a0\u00bb1615460221459-37531b58-3ba0&Prime;][vc_row_inner][vc_column_inner width=\u00a0\u00bb1\/2&Prime;][vc_column_text]<\/p>\n<ul>\n<li><span style=\"font-weight: 400;\">Avertissement sonore concernant les ceintures de s\u00e9curit\u00e9<\/span><\/li>\n<li><span style=\"font-weight: 400;\">  Activation du CIC NBT DVD\/TV pendant la conduite<\/span><\/li>\n<li><span style=\"font-weight: 400;\">  R\u00e9troviseurs confort rabattables avec t\u00e9l\u00e9commande<\/span><\/li>\n<li><span style=\"font-weight: 400;\">  Compteur de vitesse num\u00e9rique au tableau de bord<\/span><\/li>\n<li><span style=\"font-weight: 400;\">  Arr\u00eat D\u00e9marrage Arr\u00eat<\/span><\/li>\n<li><span style=\"font-weight: 400;\">  M Logo de performance dans l&rsquo;ordinateur de bord au d\u00e9marrage<\/span><\/li>\n<li><span style=\"font-weight: 400;\">  Ajout d&rsquo;un indicateur de direction HUD<\/span><\/li>\n<li><span style=\"font-weight: 400;\">  Affichage du temps de commutation en mode sport<\/span><\/li>\n<li><span style=\"font-weight: 400;\">  D\u00e9sactiver le syst\u00e8me de nettoyage des projecteurs<\/span><\/li>\n<li><span style=\"font-weight: 400;\">  Verrouillage et d\u00e9verrouillage acoustiques<\/span><\/li>\n<li><span style=\"font-weight: 400;\">  L&rsquo;\u00e9clairage de la poign\u00e9e de porte s&rsquo;allume en marche arri\u00e8re. &#8211; Racleur de fin de course<\/span><\/li>\n<li><span style=\"font-weight: 400;\">  Individualisation de la lumi\u00e8re d&rsquo;accueil<\/span><\/li>\n<li><span style=\"font-weight: 400;\">  Transmission M-SPORT<\/span><\/li>\n<li><span style=\"font-weight: 400;\">  D\u00e9marrage du moteur sans embrayage \/ frein sans P<\/span><\/li>\n<li><span style=\"font-weight: 400;\">  La sonnerie du t\u00e9l\u00e9phone portable est diffus\u00e9e par le haut-parleur.<\/span><\/li>\n<li><span style=\"font-weight: 400;\">  Voyant d&rsquo;avertissement<\/span><\/li>\n<li><span style=\"font-weight: 400;\">  Le moteur ne peut \u00eatre d\u00e9marr\u00e9 que lorsque la p\u00e9dale de frein est enfonc\u00e9e.<\/span><\/li>\n<\/ul>\n<p>[\/vc_column_text][\/vc_column_inner][vc_column_inner width=\u00a0\u00bb1\/2&Prime;][vc_column_text]<\/p>\n<ul>\n<li><span style=\"font-weight: 400;\">  Abaissez le trottoir lorsque vous engagez la marche arri\u00e8re<\/span><\/li>\n<li><span style=\"font-weight: 400;\">  Le toit coulissant se ferme lorsqu&rsquo;il pleut<\/span><\/li>\n<li><span style=\"font-weight: 400;\">  Surveillance du froid et du chaud<\/span><\/li>\n<li><span style=\"font-weight: 400;\">  R\u00e9gler l&rsquo;acc\u00e9l\u00e9ration du contr\u00f4leur dans le menu<\/span><\/li>\n<li><span style=\"font-weight: 400;\">  R\u00e9gler la luminosit\u00e9 Ambilight dans le menu<\/span><\/li>\n<li><span style=\"font-weight: 400;\">  Activ\u00e9 automatiquement d\u00e8s que la voiture recule<\/span><\/li>\n<li><span style=\"font-weight: 400;\">  Pas de compresseur automatique avec climatisation automatique<\/span><\/li>\n<li><span style=\"font-weight: 400;\">  \u00c9teindre le gong pendant la marche arri\u00e8re<\/span><\/li>\n<li><span style=\"font-weight: 400;\">  R\u00e9gulateur de vitesse avec affichage de la vitesse<\/span><\/li>\n<li><span style=\"font-weight: 400;\">  Eclairage permanent du compteur de vitesse<\/span><\/li>\n<li><span style=\"font-weight: 400;\">  Sensibilit\u00e9 du capteur de lumi\u00e8re<\/span><\/li>\n<li><span style=\"font-weight: 400;\">  Ouverture\/fermeture confortable du hayon<\/span><\/li>\n<li><span style=\"font-weight: 400;\">  Fermez le hayon \u00e0 l&rsquo;aide du bouton situ\u00e9 dans le plancher.<\/span><\/li>\n<li><span style=\"font-weight: 400;\">  Indicateur de direction dans le HUD<\/span><\/li>\n<li><span style=\"font-weight: 400;\">  R\u00e9g\u00e9n\u00e9ration du filtre \u00e0 suie \/ remise \u00e0 z\u00e9ro de la distance restante<\/span><\/li>\n<li><span style=\"font-weight: 400;\">  Lors d&rsquo;un r\u00e9\u00e9quipement, toutes les modifications de l&rsquo;\u00e9quipement sont \u00e9galement possibles dans la FA.<\/span><\/li>\n<li><span style=\"font-weight: 400;\">  Lecture des intervalles d&rsquo;entretien ou effacement de la m\u00e9moire des d\u00e9fauts<\/span><\/li>\n<\/ul>\n<p>[\/vc_column_text][\/vc_column_inner][\/vc_row_inner][\/vc_tta_section][\/vc_tta_accordion][\/vc_column][\/vc_row][vc_row][vc_column][vc_column_text]<\/p>\n<h2>Contactez directement Elektrofix<\/h2>\n<p>En cas de questions, nous sommes toujours \u00e0 votre disposition. Un rendez-vous peut \u00e9galement \u00eatre fix\u00e9 \u00e0 court terme !<br \/>\nDe pr\u00e9f\u00e9rence, ayez \u00e0 port\u00e9e de main les 7 derniers chiffres de votre num\u00e9ro de ch\u00e2ssis afin que nous puissions traiter votre demande avec plus de pr\u00e9cision et vous conseiller.<\/p>\n<p>Pour coder votre BMW, rendez-vous chez Elektrofix. Prenez rendez-vous \u00e0 l&rsquo;avance pour une r\u00e9paration de navigation en appelant le <a href=\"tel:0625387023\">06 25 38 70 23<\/a>, ou en envoyant un courriel \u00e0 <a href=\"mailto:info@elektrofix.nl\">info@elektrofix.nl,<\/a> ou en laissant un message via le formulaire de contact ici sur le site web.[\/vc_column_text][\/vc_column][\/vc_row]<\/p>\n","protected":false},"excerpt":{"rendered":"<p>[vc_row full_width=\u00a0\u00bbstretch_row\u00a0\u00bb css=\u00a0\u00bb.vc_custom_1612202182063{padding-top: 30px !important;padding-bottom: 15px !important;}\u00a0\u00bb][vc_column css=\u00a0\u00bb.vc_custom_1612180223540{padding-top: 0px !important;padding-bottom: 0px !important;}\u00a0\u00bb][vc_column_text] Elektrofix est votre partenaire de A \u00e0 Z Encodage du logiciel BMW [\/vc_column_text][vc_row_inner<a class=\"moretag\" href=\"https:\/\/www.elektrofix.nl\/fr\/codage-bmw-sur-mesure\/\">&#8230;<\/a><\/p>\n","protected":false},"author":1,"featured_media":0,"parent":0,"menu_order":0,"comment_status":"closed","ping_status":"closed","template":"","meta":{"footnotes":""},"class_list":["post-7405","page","type-page","status-publish","hentry"],"_links":{"self":[{"href":"https:\/\/www.elektrofix.nl\/fr\/wp-json\/wp\/v2\/pages\/7405","targetHints":{"allow":["GET"]}}],"collection":[{"href":"https:\/\/www.elektrofix.nl\/fr\/wp-json\/wp\/v2\/pages"}],"about":[{"href":"https:\/\/www.elektrofix.nl\/fr\/wp-json\/wp\/v2\/types\/page"}],"author":[{"embeddable":true,"href":"https:\/\/www.elektrofix.nl\/fr\/wp-json\/wp\/v2\/users\/1"}],"replies":[{"embeddable":true,"href":"https:\/\/www.elektrofix.nl\/fr\/wp-json\/wp\/v2\/comments?post=7405"}],"version-history":[{"count":0,"href":"https:\/\/www.elektrofix.nl\/fr\/wp-json\/wp\/v2\/pages\/7405\/revisions"}],"wp:attachment":[{"href":"https:\/\/www.elektrofix.nl\/fr\/wp-json\/wp\/v2\/media?parent=7405"}],"curies":[{"name":"wp","href":"https:\/\/api.w.org\/{rel}","templated":true}]}}

<p>[vc_row full_width= »stretch_row » css= ».vc_custom_1612202182063{padding-top: 30px !important;padding-bottom: 15px !important;} »][vc_column css= ».vc_custom_1612180223540{padding-top: 0px !important;padding-bottom: 0px !important;} »][vc_column_text]</p>
<h5>Elektrofix est votre partenaire de A à Z</h5>
<h2>Encodage du logiciel BMW</h2>
<p>[/vc_column_text][vc_row_inner equal_height= »yes » content_placement= »middle » css= ».vc_custom_1612260120748{padding-top: 0px !important;padding-bottom: 0px !important;} »][vc_column_inner width= »1/2&Prime; css= ».vc_custom_1612180239327{padding-top: 0px !important;padding-bottom: 0px !important;} »][vc_single_image image= »256&Prime; img_size= »full »][/vc_column_inner][vc_column_inner width= »1/2&Prime; css= ».vc_custom_1612180248955{padding-top: 0px !important;padding-bottom: 0px !important;} »][vc_column_text]En plus de la technologie, votre BMW est équipée d&rsquo;un grand nombre de dispositifs de direction. Tous ces conducteurs ont une tâche spécifique. En codant ce logiciel, nous pouvons ajouter des fonctionnalités supplémentaires à votre BMW. Nous utilisons le logiciel BMW qui se connecte via le connecteur OBD de votre voiture. Cela nous permet d&rsquo;accéder aux différents codes et modules.</p>
<p>En cas de questions, nous sommes toujours à votre disposition. Un rendez-vous peut également être fixé à court terme !<br />
De préférence, ayez à portée de main les 7 derniers chiffres de votre numéro de châssis afin que nous puissions traiter votre demande avec plus de précision et vous conseiller. Ou remplissez le formulaire ici sur le site web.</p>
<p>[/vc_column_text][vc_btn title= »Demande de devis » style= »custom » custom_text= »#666666&Prime; el_class= »blue-btn » link= »url:%23offerte||| »][/vc_column_inner][/vc_row_inner][/vc_column][/vc_row][vc_row full_width= »stretch_row » css= ».vc_custom_1612202018327{padding-top: 50px !important;padding-bottom: 15px !important;} »][vc_column css= ».vc_custom_1612180223540{padding-top: 0px !important;padding-bottom: 0px !important;} »][vc_column_text]</p>
<h5>Spécialiste en BMW</h5>
<h2>Nous sommes spécialisés dans les services de codage suivants :</h2>
<p>[/vc_column_text][vc_row_inner css= ».vc_custom_1612260131186{padding-top: 0px !important;padding-bottom: 0px !important;} »][vc_column_inner width= »1/2&Prime; css= ».vc_custom_1612180239327{padding-top: 0px !important;padding-bottom: 0px !important;} »][vc_column_text]</p>
<ul>
<li>Programmes de codage des apprentissages clés séries E, F, G et MINI tous modèles.</li>
<li>Cas1, Cas2, Cas3+. Cas 4 et Cas4+ : réparation, mise à jour, codage et clonage</li>
<li>Réparation, mise à jour, codage et clonage de DME et DDE.</li>
<li>Frm1, Frm2, Frm3 LM Réinitialisation du module, court-circuit, réparation, mise à jour, codage et clonage</li>
<li>Mises à jour logicielles pour l&rsquo;ensemble du véhicule (moteur, transmission, Idrive, etc.).</li>
</ul>
<p>[/vc_column_text][/vc_column_inner][vc_column_inner width= »1/2&Prime;][vc_column_text]</p>
<ul>
<li>Programmation des unités de contrôle individuelles</li>
<li>Diagnostic et dépannage</li>
<li>Installation arrière OEM</li>
<li>Mises à jour de la navigation pour MASK CCC, CIC, NBT et EVO</li>
<li>ALPINA Mise à jour Flash</li>
<li>Dommages causés par le vol</li>
<li>Codage de l&rsquo;installation du tachymètre numérique 6WB</li>
<li>Réinitialisation ELV</li>
<li>Autres codes</li>
</ul>
<p>[/vc_column_text][/vc_column_inner][/vc_row_inner][/vc_column][/vc_row][vc_row full_width= »stretch_row » css= ».vc_custom_1612199972923{margin-top: 50px !important;margin-bottom: 50px !important;padding-top: 0px !important;padding-bottom: 0px !important;background-image: url(https://www.elektrofix.nl/wp-content/uploads/pexels-ingo-joseph-13781-1.png?id=250) !important;background-position: center !important;background-repeat: no-repeat !important;background-size: cover !important;} » el_class= »cta-box »][vc_column css= ».vc_custom_1612180223540{padding-top: 0px !important;padding-bottom: 0px !important;} »][vc_row_inner equal_height= »yes » content_placement= »middle » css= ».vc_custom_1612260140510{padding-top: 0px !important;padding-bottom: 0px !important;} »][vc_column_inner el_class= »cta-gradient-box » width= »1/2&Prime; css= ».vc_custom_1612200066371{padding-top: 65px !important;padding-bottom: 35px !important;} »][vc_column_text]</p>
<h2>Curieux de savoir<br />
les possibilités ?</h2>
<p>Volutpat ac. Pellentesque habitant morbi<br />
tristique senectus et netus et malesuada<br />
fames ac turpis egestas.[/vc_column_text][vc_btn title= »Demande de devis » style= »custom » custom_text= »#666666&Prime; el_class= »white-btn » link= »url:%23offerte||| »][/vc_column_inner][vc_column_inner width= »1/2&Prime; css= ».vc_custom_1612180248955{padding-top: 0px !important;padding-bottom: 0px !important;} »][/vc_column_inner][/vc_row_inner][/vc_column][/vc_row][vc_row][vc_column][vc_tta_accordion active_section= »0&Prime; title= »Autres options de cryptage »][vc_tta_section title= »Voir toutes les options » tab_id= »1615460221459-37531b58-3ba0&Prime;][vc_row_inner][vc_column_inner width= »1/2&Prime;][vc_column_text]</p>
<ul>
<li><span style="font-weight: 400;">Avertissement sonore concernant les ceintures de sécurité</span></li>
<li><span style="font-weight: 400;">  Activation du CIC NBT DVD/TV pendant la conduite</span></li>
<li><span style="font-weight: 400;">  Rétroviseurs confort rabattables avec télécommande</span></li>
<li><span style="font-weight: 400;">  Compteur de vitesse numérique au tableau de bord</span></li>
<li><span style="font-weight: 400;">  Arrêt Démarrage Arrêt</span></li>
<li><span style="font-weight: 400;">  M Logo de performance dans l&rsquo;ordinateur de bord au démarrage</span></li>
<li><span style="font-weight: 400;">  Ajout d&rsquo;un indicateur de direction HUD</span></li>
<li><span style="font-weight: 400;">  Affichage du temps de commutation en mode sport</span></li>
<li><span style="font-weight: 400;">  Désactiver le système de nettoyage des projecteurs</span></li>
<li><span style="font-weight: 400;">  Verrouillage et déverrouillage acoustiques</span></li>
<li><span style="font-weight: 400;">  L&rsquo;éclairage de la poignée de porte s&rsquo;allume en marche arrière. &#8211; Racleur de fin de course</span></li>
<li><span style="font-weight: 400;">  Individualisation de la lumière d&rsquo;accueil</span></li>
<li><span style="font-weight: 400;">  Transmission M-SPORT</span></li>
<li><span style="font-weight: 400;">  Démarrage du moteur sans embrayage / frein sans P</span></li>
<li><span style="font-weight: 400;">  La sonnerie du téléphone portable est diffusée par le haut-parleur.</span></li>
<li><span style="font-weight: 400;">  Voyant d&rsquo;avertissement</span></li>
<li><span style="font-weight: 400;">  Le moteur ne peut être démarré que lorsque la pédale de frein est enfoncée.</span></li>
</ul>
<p>[/vc_column_text][/vc_column_inner][vc_column_inner width= »1/2&Prime;][vc_column_text]</p>
<ul>
<li><span style="font-weight: 400;">  Abaissez le trottoir lorsque vous engagez la marche arrière</span></li>
<li><span style="font-weight: 400;">  Le toit coulissant se ferme lorsqu&rsquo;il pleut</span></li>
<li><span style="font-weight: 400;">  Surveillance du froid et du chaud</span></li>
<li><span style="font-weight: 400;">  Régler l&rsquo;accélération du contrôleur dans le menu</span></li>
<li><span style="font-weight: 400;">  Régler la luminosité Ambilight dans le menu</span></li>
<li><span style="font-weight: 400;">  Activé automatiquement dès que la voiture recule</span></li>
<li><span style="font-weight: 400;">  Pas de compresseur automatique avec climatisation automatique</span></li>
<li><span style="font-weight: 400;">  Éteindre le gong pendant la marche arrière</span></li>
<li><span style="font-weight: 400;">  Régulateur de vitesse avec affichage de la vitesse</span></li>
<li><span style="font-weight: 400;">  Eclairage permanent du compteur de vitesse</span></li>
<li><span style="font-weight: 400;">  Sensibilité du capteur de lumière</span></li>
<li><span style="font-weight: 400;">  Ouverture/fermeture confortable du hayon</span></li>
<li><span style="font-weight: 400;">  Fermez le hayon à l&rsquo;aide du bouton situé dans le plancher.</span></li>
<li><span style="font-weight: 400;">  Indicateur de direction dans le HUD</span></li>
<li><span style="font-weight: 400;">  Régénération du filtre à suie / remise à zéro de la distance restante</span></li>
<li><span style="font-weight: 400;">  Lors d&rsquo;un rééquipement, toutes les modifications de l&rsquo;équipement sont également possibles dans la FA.</span></li>
<li><span style="font-weight: 400;">  Lecture des intervalles d&rsquo;entretien ou effacement de la mémoire des défauts</span></li>
</ul>
<p>[/vc_column_text][/vc_column_inner][/vc_row_inner][/vc_tta_section][/vc_tta_accordion][/vc_column][/vc_row][vc_row][vc_column][vc_column_text]</p>
<h2>Contactez directement Elektrofix</h2>
<p>En cas de questions, nous sommes toujours à votre disposition. Un rendez-vous peut également être fixé à court terme !<br />
De préférence, ayez à portée de main les 7 derniers chiffres de votre numéro de châssis afin que nous puissions traiter votre demande avec plus de précision et vous conseiller.</p>
<p>Pour coder votre BMW, rendez-vous chez Elektrofix. Prenez rendez-vous à l&rsquo;avance pour une réparation de navigation en appelant le <a href="tel:0625387023">06 25 38 70 23</a>, ou en envoyant un courriel à <a href="mailto:info@elektrofix.nl">info@elektrofix.nl,</a> ou en laissant un message via le formulaire de contact ici sur le site web.[/vc_column_text][/vc_column][/vc_row]</p>

<p>[vc_row full_width= »stretch_row » css= ».vc_custom_1612202182063{padding-top: 30px !important;padding-bottom: 15px !important;} »][vc_column css= ».vc_custom_1612180223540{padding-top: 0px !important;padding-bottom: 0px !important;} »][vc_column_text] Elektrofix est votre partenaire de A à Z Encodage du logiciel BMW [/vc_column_text][vc_row_inner<a class="moretag" href="https://www.elektrofix.nl/fr/codage-bmw-sur-mesure/">&#8230;</a></p>
