{"id":7390,"date":"2024-02-16T13:14:25","date_gmt":"2024-02-16T12:14:25","guid":{"rendered":"https:\/\/www.elektrofix.nl\/bmw-installation-dapple-carplay\/"},"modified":"2024-03-20T11:37:51","modified_gmt":"2024-03-20T10:37:51","slug":"bmw-installation-dapple-carplay","status":"publish","type":"page","link":"https:\/\/www.elektrofix.nl\/fr\/bmw-installation-dapple-carplay\/","title":{"rendered":"BMW Installation d&rsquo;Apple CarPlay"},"content":{"rendered":"<p>[vc_row full_width=\u00a0\u00bbstretch_row\u00a0\u00bb css=\u00a0\u00bb.vc_custom_1612202182063{padding-top: 30px !important;padding-bottom: 15px !important;}\u00a0\u00bb][vc_column width=\u00a0\u00bb1\/2&Prime; css=\u00a0\u00bb.vc_custom_1612180223540{padding-top: 0px !important;padding-bottom: 0px !important;}\u00a0\u00bb][vc_column_text]<\/p>\n<h5>Elektrofix est votre partenaire de A \u00e0 Z<\/h5>\n<h2>Activation de BMW Apple CarPlay<\/h2>\n<p>Reliez votre iPhone \u00e0 votre voiture de mani\u00e8re intelligente et s\u00e9curis\u00e9e avec Apple CarPlay. Lorsque vous connectez votre iPhone \u00e0 CarPlay, vous pouvez notamment utiliser les directions, passer des appels t\u00e9l\u00e9phoniques, envoyer des messages et \u00e9couter votre propre musique. Elektrofix aide \u00e0 activer et \u00e0 installer Apple CarPlay dans votre BMW.[\/vc_column_text][\/vc_column][vc_column width=\u00a0\u00bb1\/2&Prime;][vc_single_image image=\u00a0\u00bb886&Prime; img_size=\u00a0\u00bbfull\u00a0\u00bb][\/vc_column][\/vc_row][vc_row][vc_column][vc_column_text]<\/p>\n<h2>Activation d&rsquo;Apple Carplay dans votre BMW ou Mini<\/h2>\n<p>Elektrofix est un sp\u00e9cialiste de BMW et peut activer, installer et r\u00e9parer Apple CarPlay. Apple Carplay n&rsquo;est possible qu&rsquo;\u00e0 partir de 2015 Professional Navigation EVO ID5 \/ ID6. Nos capacit\u00e9s sont les suivantes[\/vc_column_text][vc_row_inner][vc_column_inner width=\u00a0\u00bb1\/2&Prime;][vc_column_text]<\/p>\n<ul>\n<li>Activer Apple Carplay \/ \u00e0 vie<\/li>\n<li>VIM<\/li>\n<li>Miroir d&rsquo;\u00e9cran<\/li>\n<li>Menu ID5 \u00e0 ID6<\/li>\n<\/ul>\n<p>[\/vc_column_text][\/vc_column_inner][vc_column_inner width=\u00a0\u00bb1\/2&Prime;][vc_column_text]<\/p>\n<ul>\n<li>Chronom\u00e8tre M<\/li>\n<li>Applications BMW telles que Spotify et Deezer<\/li>\n<li>Installation d&rsquo;une antenne Wi-Fi<\/li>\n<li>Activer la navigation<\/li>\n<\/ul>\n<p>[\/vc_column_text][\/vc_column_inner][\/vc_row_inner][vc_column_text]Votre option ne figure pas dans la liste ? Contactez-nous via le bouton ci-dessous pour plus d&rsquo;informations. Nous pouvons souvent r\u00e9soudre la plupart des probl\u00e8mes ![\/vc_column_text][vc_single_image image=\u00a0\u00bb887&Prime; img_size=\u00a0\u00bbfull\u00a0\u00bb][\/vc_column][\/vc_row][vc_row full_width=\u00a0\u00bbstretch_row\u00a0\u00bb css=\u00a0\u00bb.vc_custom_1612199972923{margin-top: 50px !important;margin-bottom: 50px !important;padding-top: 0px !important;padding-bottom: 0px !important;background-image: url(https:\/\/www.elektrofix.nl\/wp-content\/uploads\/pexels-ingo-joseph-13781-1.png?id=250) !important;background-position: center !important;background-repeat: no-repeat !important;background-size: cover !important;}\u00a0\u00bb el_class=\u00a0\u00bbcta-box\u00a0\u00bb][vc_column css=\u00a0\u00bb.vc_custom_1612180223540{padding-top: 0px !important;padding-bottom: 0px !important;}\u00a0\u00bb][vc_row_inner equal_height=\u00a0\u00bbyes\u00a0\u00bb content_placement=\u00a0\u00bbmiddle\u00a0\u00bb css=\u00a0\u00bb.vc_custom_1612260140510{padding-top: 0px !important;padding-bottom: 0px !important;}\u00a0\u00bb][vc_column_inner el_class=\u00a0\u00bbcta-gradient-box\u00a0\u00bb width=\u00a0\u00bb1\/2&Prime; css=\u00a0\u00bb.vc_custom_1612200066371{padding-top: 65px !important;padding-bottom: 35px !important;}\u00a0\u00bb][vc_column_text]<\/p>\n<h2>Curieux de savoir<br \/>\nles possibilit\u00e9s ?<\/h2>\n<p>Contactez Elektrofix pour obtenir des conseils appropri\u00e9s et une r\u00e9paration rapide.[\/vc_column_text][vc_btn title=\u00a0\u00bbDemande de devis\u00a0\u00bb style=\u00a0\u00bbcustom\u00a0\u00bb custom_text=\u00a0\u00bb#666666&Prime; el_class=\u00a0\u00bbwhite-btn\u00a0\u00bb link=\u00a0\u00bburl:%2Ffr%2Fcontacter%2F|||\u00a0\u00bb][\/vc_column_inner][vc_column_inner width=\u00a0\u00bb1\/2&Prime; css=\u00a0\u00bb.vc_custom_1612180248955{padding-top: 0px !important;padding-bottom: 0px !important;}\u00a0\u00bb][\/vc_column_inner][\/vc_row_inner][\/vc_column][\/vc_row][vc_row][vc_column width=\u00a0\u00bb1\/2&Prime;][vc_column_text]<\/p>\n<h2>Les longues distances ne posent pas de probl\u00e8me<\/h2>\n<p>Il existe \u00e9galement une solution pour les personnes qui ne parviennent pas \u00e0 franchir une longue distance.<\/p>\n<p>L&rsquo;installation se fait via notre solution USB en moins de 2 minutes. Aucune comp\u00e9tence en programmation ni aucun ordinateur portable n&rsquo;est n\u00e9cessaire.<\/p>\n<p>Il suffit de connecter l&rsquo;appareil au port USB. Nous envoyons les fichiers par courrier \u00e9lectronique le jour m\u00eame, dans l&rsquo;heure qui suit la r\u00e9ception du paiement. Ces fichiers ont g\u00e9n\u00e9ralement une taille de 2 Go. Transf\u00e9rez ces fichiers sur une cl\u00e9 USB vide au format FAT32, puis branchez-la sur le connecteur USB de votre voiture pendant 40 secondes. L&rsquo;activation est termin\u00e9e.[\/vc_column_text][\/vc_column][vc_column width=\u00a0\u00bb1\/2&Prime;][vc_single_image image=\u00a0\u00bb888&Prime; img_size=\u00a0\u00bbfull\u00a0\u00bb][\/vc_column][vc_column][vc_column_text]L&rsquo;activation USB est disponible pour les firmwares commen\u00e7ant par l&rsquo;une de ces lettres. H J K L M N O, Tout firmware commen\u00e7ant par P Q R S U V W veuillez d&rsquo;abord nous envoyer un message. Certains mod\u00e8les peuvent n\u00e9cessiter une antenne Wi-Fi pour connecter la voiture. 90 % des mod\u00e8les disposent d\u00e9j\u00e0 d&rsquo;une antenne Wi-Fi install\u00e9e en usine. Les 7 derniers chiffres du num\u00e9ro de ch\u00e2ssis \/ et la version de la carte sont n\u00e9cessaires pour g\u00e9n\u00e9rer le fichier. Laisser les coordonn\u00e9es du vendeur[\/vc_column_text][\/vc_column][\/vc_row][vc_row full_width=\u00a0\u00bbstretch_row\u00a0\u00bb css=\u00a0\u00bb.vc_custom_1612202018327{padding-top: 50px !important;padding-bottom: 15px !important;}\u00a0\u00bb][vc_column css=\u00a0\u00bb.vc_custom_1612180223540{padding-top: 0px !important;padding-bottom: 0px !important;}\u00a0\u00bb][vc_column_text]<\/p>\n<h5>Les mod\u00e8les BMW \u00e9quip\u00e9s d&rsquo;Apple CarPlay<\/h5>\n<h2>Quels sont les mod\u00e8les BMW que nous r\u00e9parons ?<\/h2>\n<p>Nous r\u00e9parons ou activons Apple CarPlay pour diff\u00e9rents mod\u00e8les de BMW et MINI.<\/p>\n<p>E60, E61, E63, E64, E70, E71, E81, E82, E84, E87, E88, E89, E90, E91, E93, F01, F02, F03, F04, F06, F07, F10, F11, F12, F15, F16, F18, F20, F21, F22, F23, F25, F26, F30, F31, F32, F33, F34, F35, F36, F45, F46, F55, F56, F80, F82, F83, F85, F86, F87, G11,G12, G30, G31, G32, MINI.[\/vc_column_text][\/vc_column][\/vc_row][vc_row][vc_column][vc_column_text]<\/p>\n<h2>Contactez directement Elektrofix<\/h2>\n<p>Pour la r\u00e9paration de la navigation automobile, rendez-vous chez Elektrofix si votre Apple Carplay est en panne. Prenez rendez-vous \u00e0 l&rsquo;avance pour une r\u00e9paration de carplay en appelant le <a href=\"tel:0625387023\">06 25 38 70 23<\/a>, ou en envoyant un e-mail \u00e0 <a href=\"mailto:info@elektrofix.nl\">info@elektrofix.nl,<\/a> ou en laissant un message via le formulaire de contact ici sur le site web.[\/vc_column_text][\/vc_column][\/vc_row]<\/p>\n","protected":false},"excerpt":{"rendered":"<p>[vc_row full_width=\u00a0\u00bbstretch_row\u00a0\u00bb css=\u00a0\u00bb.vc_custom_1612202182063{padding-top: 30px !important;padding-bottom: 15px !important;}\u00a0\u00bb][vc_column width=\u00a0\u00bb1\/2&Prime; css=\u00a0\u00bb.vc_custom_1612180223540{padding-top: 0px !important;padding-bottom: 0px !important;}\u00a0\u00bb][vc_column_text] Elektrofix est votre partenaire de A \u00e0 Z Activation de BMW Apple<a class=\"moretag\" href=\"https:\/\/www.elektrofix.nl\/fr\/bmw-installation-dapple-carplay\/\">&#8230;<\/a><\/p>\n","protected":false},"author":1,"featured_media":0,"parent":0,"menu_order":0,"comment_status":"closed","ping_status":"closed","template":"","meta":{"footnotes":""},"class_list":["post-7390","page","type-page","status-publish","hentry"],"_links":{"self":[{"href":"https:\/\/www.elektrofix.nl\/fr\/wp-json\/wp\/v2\/pages\/7390","targetHints":{"allow":["GET"]}}],"collection":[{"href":"https:\/\/www.elektrofix.nl\/fr\/wp-json\/wp\/v2\/pages"}],"about":[{"href":"https:\/\/www.elektrofix.nl\/fr\/wp-json\/wp\/v2\/types\/page"}],"author":[{"embeddable":true,"href":"https:\/\/www.elektrofix.nl\/fr\/wp-json\/wp\/v2\/users\/1"}],"replies":[{"embeddable":true,"href":"https:\/\/www.elektrofix.nl\/fr\/wp-json\/wp\/v2\/comments?post=7390"}],"version-history":[{"count":1,"href":"https:\/\/www.elektrofix.nl\/fr\/wp-json\/wp\/v2\/pages\/7390\/revisions"}],"predecessor-version":[{"id":8291,"href":"https:\/\/www.elektrofix.nl\/fr\/wp-json\/wp\/v2\/pages\/7390\/revisions\/8291"}],"wp:attachment":[{"href":"https:\/\/www.elektrofix.nl\/fr\/wp-json\/wp\/v2\/media?parent=7390"}],"curies":[{"name":"wp","href":"https:\/\/api.w.org\/{rel}","templated":true}]}}

<p>[vc_row full_width= »stretch_row » css= ».vc_custom_1612202182063{padding-top: 30px !important;padding-bottom: 15px !important;} »][vc_column width= »1/2&Prime; css= ».vc_custom_1612180223540{padding-top: 0px !important;padding-bottom: 0px !important;} »][vc_column_text]</p>
<h5>Elektrofix est votre partenaire de A à Z</h5>
<h2>Activation de BMW Apple CarPlay</h2>
<p>Reliez votre iPhone à votre voiture de manière intelligente et sécurisée avec Apple CarPlay. Lorsque vous connectez votre iPhone à CarPlay, vous pouvez notamment utiliser les directions, passer des appels téléphoniques, envoyer des messages et écouter votre propre musique. Elektrofix aide à activer et à installer Apple CarPlay dans votre BMW.[/vc_column_text][/vc_column][vc_column width= »1/2&Prime;][vc_single_image image= »886&Prime; img_size= »full »][/vc_column][/vc_row][vc_row][vc_column][vc_column_text]</p>
<h2>Activation d&rsquo;Apple Carplay dans votre BMW ou Mini</h2>
<p>Elektrofix est un spécialiste de BMW et peut activer, installer et réparer Apple CarPlay. Apple Carplay n&rsquo;est possible qu&rsquo;à partir de 2015 Professional Navigation EVO ID5 / ID6. Nos capacités sont les suivantes[/vc_column_text][vc_row_inner][vc_column_inner width= »1/2&Prime;][vc_column_text]</p>
<ul>
<li>Activer Apple Carplay / à vie</li>
<li>VIM</li>
<li>Miroir d&rsquo;écran</li>
<li>Menu ID5 à ID6</li>
</ul>
<p>[/vc_column_text][/vc_column_inner][vc_column_inner width= »1/2&Prime;][vc_column_text]</p>
<ul>
<li>Chronomètre M</li>
<li>Applications BMW telles que Spotify et Deezer</li>
<li>Installation d&rsquo;une antenne Wi-Fi</li>
<li>Activer la navigation</li>
</ul>
<p>[/vc_column_text][/vc_column_inner][/vc_row_inner][vc_column_text]Votre option ne figure pas dans la liste ? Contactez-nous via le bouton ci-dessous pour plus d&rsquo;informations. Nous pouvons souvent résoudre la plupart des problèmes ![/vc_column_text][vc_single_image image= »887&Prime; img_size= »full »][/vc_column][/vc_row][vc_row full_width= »stretch_row » css= ».vc_custom_1612199972923{margin-top: 50px !important;margin-bottom: 50px !important;padding-top: 0px !important;padding-bottom: 0px !important;background-image: url(https://www.elektrofix.nl/wp-content/uploads/pexels-ingo-joseph-13781-1.png?id=250) !important;background-position: center !important;background-repeat: no-repeat !important;background-size: cover !important;} » el_class= »cta-box »][vc_column css= ».vc_custom_1612180223540{padding-top: 0px !important;padding-bottom: 0px !important;} »][vc_row_inner equal_height= »yes » content_placement= »middle » css= ».vc_custom_1612260140510{padding-top: 0px !important;padding-bottom: 0px !important;} »][vc_column_inner el_class= »cta-gradient-box » width= »1/2&Prime; css= ».vc_custom_1612200066371{padding-top: 65px !important;padding-bottom: 35px !important;} »][vc_column_text]</p>
<h2>Curieux de savoir<br />
les possibilités ?</h2>
<p>Contactez Elektrofix pour obtenir des conseils appropriés et une réparation rapide.[/vc_column_text][vc_btn title= »Demande de devis » style= »custom » custom_text= »#666666&Prime; el_class= »white-btn » link= »url:%2Ffr%2Fcontacter%2F||| »][/vc_column_inner][vc_column_inner width= »1/2&Prime; css= ».vc_custom_1612180248955{padding-top: 0px !important;padding-bottom: 0px !important;} »][/vc_column_inner][/vc_row_inner][/vc_column][/vc_row][vc_row][vc_column width= »1/2&Prime;][vc_column_text]</p>
<h2>Les longues distances ne posent pas de problème</h2>
<p>Il existe également une solution pour les personnes qui ne parviennent pas à franchir une longue distance.</p>
<p>L&rsquo;installation se fait via notre solution USB en moins de 2 minutes. Aucune compétence en programmation ni aucun ordinateur portable n&rsquo;est nécessaire.</p>
<p>Il suffit de connecter l&rsquo;appareil au port USB. Nous envoyons les fichiers par courrier électronique le jour même, dans l&rsquo;heure qui suit la réception du paiement. Ces fichiers ont généralement une taille de 2 Go. Transférez ces fichiers sur une clé USB vide au format FAT32, puis branchez-la sur le connecteur USB de votre voiture pendant 40 secondes. L&rsquo;activation est terminée.[/vc_column_text][/vc_column][vc_column width= »1/2&Prime;][vc_single_image image= »888&Prime; img_size= »full »][/vc_column][vc_column][vc_column_text]L&rsquo;activation USB est disponible pour les firmwares commençant par l&rsquo;une de ces lettres. H J K L M N O, Tout firmware commençant par P Q R S U V W veuillez d&rsquo;abord nous envoyer un message. Certains modèles peuvent nécessiter une antenne Wi-Fi pour connecter la voiture. 90 % des modèles disposent déjà d&rsquo;une antenne Wi-Fi installée en usine. Les 7 derniers chiffres du numéro de châssis / et la version de la carte sont nécessaires pour générer le fichier. Laisser les coordonnées du vendeur[/vc_column_text][/vc_column][/vc_row][vc_row full_width= »stretch_row » css= ».vc_custom_1612202018327{padding-top: 50px !important;padding-bottom: 15px !important;} »][vc_column css= ».vc_custom_1612180223540{padding-top: 0px !important;padding-bottom: 0px !important;} »][vc_column_text]</p>
<h5>Les modèles BMW équipés d&rsquo;Apple CarPlay</h5>
<h2>Quels sont les modèles BMW que nous réparons ?</h2>
<p>Nous réparons ou activons Apple CarPlay pour différents modèles de BMW et MINI.</p>
<p>E60, E61, E63, E64, E70, E71, E81, E82, E84, E87, E88, E89, E90, E91, E93, F01, F02, F03, F04, F06, F07, F10, F11, F12, F15, F16, F18, F20, F21, F22, F23, F25, F26, F30, F31, F32, F33, F34, F35, F36, F45, F46, F55, F56, F80, F82, F83, F85, F86, F87, G11,G12, G30, G31, G32, MINI.[/vc_column_text][/vc_column][/vc_row][vc_row][vc_column][vc_column_text]</p>
<h2>Contactez directement Elektrofix</h2>
<p>Pour la réparation de la navigation automobile, rendez-vous chez Elektrofix si votre Apple Carplay est en panne. Prenez rendez-vous à l&rsquo;avance pour une réparation de carplay en appelant le <a href="tel:0625387023">06 25 38 70 23</a>, ou en envoyant un e-mail à <a href="mailto:info@elektrofix.nl">info@elektrofix.nl,</a> ou en laissant un message via le formulaire de contact ici sur le site web.[/vc_column_text][/vc_column][/vc_row]</p>

<p>[vc_row full_width= »stretch_row » css= ».vc_custom_1612202182063{padding-top: 30px !important;padding-bottom: 15px !important;} »][vc_column width= »1/2&Prime; css= ».vc_custom_1612180223540{padding-top: 0px !important;padding-bottom: 0px !important;} »][vc_column_text] Elektrofix est votre partenaire de A à Z Activation de BMW Apple<a class="moretag" href="https://www.elektrofix.nl/fr/bmw-installation-dapple-carplay/">&#8230;</a></p>
